{"id":2173,"date":"2022-10-25T21:59:12","date_gmt":"2022-10-25T19:59:12","guid":{"rendered":"https:\/\/spaakcesoria.pl\/?post_type=product&#038;p=2173"},"modified":"2026-02-03T20:13:33","modified_gmt":"2026-02-03T19:13:33","slug":"koncentrat-przeciwzmarszczkowy-z-kawiorem-i-zlotem-leim-15ml","status":"publish","type":"product","link":"https:\/\/spaakcesoria.pl\/index.php\/produkt\/koncentrat-przeciwzmarszczkowy-z-kawiorem-i-zlotem-leim-15ml\/","title":{"rendered":"Koncentrat przeciwzmarszczkowy z kawiorem i z\u0142otem Leim 15ml"},"content":{"rendered":"<h1 class=\"p1\">Koncentrat przeciwzmarszczkowy z kawiorem i z\u0142otem Leim<\/h1>\n<h1 class=\"p1\">Caviar and Gold Luxury Anti Aging Concentrate 15ml<\/h1>\n<h4><span style=\"color: navy; font-size: small;\">Leim Caviar and Gold Luxury Antiaging Concentrate 15ml<\/span><\/h4>\n<h4><span style=\"color: navy; font-size: small;\">Producent: Leim<\/span><\/h4>\n<h4>Luksusowy koncentrat przeciwzmarszczkowy z kawiorem i z\u0142otem dla sk\u00f3r zm\u0119czonych, dojrza\u0142ych.<\/h4>\n<h4>Kawior to cenny sk\u0142adnik odm\u0142adzaj\u0105cy, stosowany od lat w medycynie i kosmetologii.<\/h4>\n<h4>Ekstrakt ze \u015bwie\u017cych kom\u00f3rek Kawioru i z\u0142ota poprawia cyrkulacj\u0119, stymuluje odnow\u0119 kom\u00f3rkow\u0105 i wyg\u0142adza zmarszczki.<\/h4>\n<h4>Dzi\u0119ki wysokiej bio-przyswajalno\u015bci od\u017cywia kom\u00f3rki sk\u00f3ry cennymi witaminami (A,D, E), minera\u0142ami i fosfolipidami.<\/h4>\n<h4>Naturalne bia\u0142ka zawarte w kawiorze wp\u0142ywaj\u0105 na procesy naprawcze oraz skutecznie spowalniaj\u0105 procesy starzenia.<\/h4>\n<h4><strong>Spos\u00f3b u\u017cycia:<\/strong><br \/>\nStosowa\u0107 rano i wieczorem najlepiej przed na\u0142o\u017ceniem kremu z kawiorem Leim<\/h4>\n<h4>Opakowanie: 15 ml<\/h4>\n<h4><\/h4>\n","protected":false},"excerpt":{"rendered":"<h4>Luksusowy koncentrat przeciwzmarszczkowy z kawiorem i z\u0142otem dla sk\u00f3r zm\u0119czonych, dojrza\u0142ych.<\/h4>\n","protected":false},"featured_media":2174,"template":"","meta":{"_monsterinsights_skip_tracking":false,"_monsterinsights_sitenote_active":false,"_monsterinsights_sitenote_note":"","_monsterinsights_sitenote_category":0},"product_brand":[],"product_cat":[22,49],"product_tag":[324,325,323],"class_list":{"0":"post-2173","1":"product","2":"type-product","3":"status-publish","4":"has-post-thumbnail","6":"product_cat-kosmetyki","7":"product_cat-serum","8":"product_tag-koncentrat-przeciwzmarszczkowy","9":"product_tag-koncentrat-z-kawiorem","10":"product_tag-koncentrat-ze-zlotem","12":"first","13":"outofstock","14":"taxable","15":"shipping-taxable","16":"purchasable","17":"product-type-simple"},"yoast_head":"<!-- This site is optimized with the Yoast SEO plugin v27.6 - https:\/\/yoast.com\/product\/yoast-seo-wordpress\/ -->\n<title>Koncentrat przeciwzmarszczkowy z kawiorem i z\u0142otem Leim 15ml -<\/title>\n<meta name=\"description\" content=\"Koncentrat przeciwzmarszczkowy z kawiorem i z\u0142otem Leim. Luksusowy koncentrat przeciwzmarszczkowy z kawiorem i z\u0142otem dla sk\u00f3r zm\u0119czonych, dojrza\u0142ych.\" \/>\n<meta name=\"robots\" content=\"index, follow, max-snippet:-1, max-image-preview:large, max-video-preview:-1\" \/>\n<link rel=\"canonical\" href=\"https:\/\/spaakcesoria.pl\/index.php\/produkt\/koncentrat-przeciwzmarszczkowy-z-kawiorem-i-zlotem-leim-15ml\/\" \/>\n<meta property=\"og:locale\" content=\"pl_PL\" \/>\n<meta property=\"og:type\" content=\"article\" \/>\n<meta property=\"og:title\" content=\"Koncentrat przeciwzmarszczkowy z kawiorem i z\u0142otem Leim 15ml -\" \/>\n<meta property=\"og:description\" content=\"Koncentrat przeciwzmarszczkowy z kawiorem i z\u0142otem Leim. Luksusowy koncentrat przeciwzmarszczkowy z kawiorem i z\u0142otem dla sk\u00f3r zm\u0119czonych, dojrza\u0142ych.\" \/>\n<meta property=\"og:url\" content=\"https:\/\/spaakcesoria.pl\/index.php\/produkt\/koncentrat-przeciwzmarszczkowy-z-kawiorem-i-zlotem-leim-15ml\/\" \/>\n<meta property=\"article:modified_time\" content=\"2026-02-03T19:13:33+00:00\" \/>\n<meta property=\"og:image\" content=\"https:\/\/spaakcesoria.pl\/wp-content\/uploads\/2022\/10\/kawior__zloto_serum_Leim-removebg-preview.png\" \/>\n\t<meta property=\"og:image:width\" content=\"500\" \/>\n\t<meta property=\"og:image:height\" content=\"500\" \/>\n\t<meta property=\"og:image:type\" content=\"image\/png\" \/>\n<meta name=\"twitter:card\" content=\"summary_large_image\" \/>\n<meta name=\"twitter:label1\" content=\"Szacowany czas czytania\" \/>\n\t<meta name=\"twitter:data1\" content=\"1 minuta\" \/>\n<script type=\"application\/ld+json\" class=\"yoast-schema-graph\">{\"@context\":\"https:\\\/\\\/schema.org\",\"@graph\":[{\"@type\":\"WebPage\",\"@id\":\"https:\\\/\\\/spaakcesoria.pl\\\/index.php\\\/produkt\\\/koncentrat-przeciwzmarszczkowy-z-kawiorem-i-zlotem-leim-15ml\\\/\",\"url\":\"https:\\\/\\\/spaakcesoria.pl\\\/index.php\\\/produkt\\\/koncentrat-przeciwzmarszczkowy-z-kawiorem-i-zlotem-leim-15ml\\\/\",\"name\":\"Koncentrat przeciwzmarszczkowy z kawiorem i z\u0142otem Leim 15ml -\",\"isPartOf\":{\"@id\":\"https:\\\/\\\/spaakcesoria.pl\\\/#website\"},\"primaryImageOfPage\":{\"@id\":\"https:\\\/\\\/spaakcesoria.pl\\\/index.php\\\/produkt\\\/koncentrat-przeciwzmarszczkowy-z-kawiorem-i-zlotem-leim-15ml\\\/#primaryimage\"},\"image\":{\"@id\":\"https:\\\/\\\/spaakcesoria.pl\\\/index.php\\\/produkt\\\/koncentrat-przeciwzmarszczkowy-z-kawiorem-i-zlotem-leim-15ml\\\/#primaryimage\"},\"thumbnailUrl\":\"https:\\\/\\\/spaakcesoria.pl\\\/wp-content\\\/uploads\\\/2022\\\/10\\\/kawior__zloto_serum_Leim-removebg-preview.png\",\"datePublished\":\"2022-10-25T19:59:12+00:00\",\"dateModified\":\"2026-02-03T19:13:33+00:00\",\"description\":\"Koncentrat przeciwzmarszczkowy z kawiorem i z\u0142otem Leim. Luksusowy koncentrat przeciwzmarszczkowy z kawiorem i z\u0142otem dla sk\u00f3r zm\u0119czonych, dojrza\u0142ych.\",\"breadcrumb\":{\"@id\":\"https:\\\/\\\/spaakcesoria.pl\\\/index.php\\\/produkt\\\/koncentrat-przeciwzmarszczkowy-z-kawiorem-i-zlotem-leim-15ml\\\/#breadcrumb\"},\"inLanguage\":\"pl-PL\",\"potentialAction\":[{\"@type\":\"ReadAction\",\"target\":[\"https:\\\/\\\/spaakcesoria.pl\\\/index.php\\\/produkt\\\/koncentrat-przeciwzmarszczkowy-z-kawiorem-i-zlotem-leim-15ml\\\/\"]}]},{\"@type\":\"ImageObject\",\"inLanguage\":\"pl-PL\",\"@id\":\"https:\\\/\\\/spaakcesoria.pl\\\/index.php\\\/produkt\\\/koncentrat-przeciwzmarszczkowy-z-kawiorem-i-zlotem-leim-15ml\\\/#primaryimage\",\"url\":\"https:\\\/\\\/spaakcesoria.pl\\\/wp-content\\\/uploads\\\/2022\\\/10\\\/kawior__zloto_serum_Leim-removebg-preview.png\",\"contentUrl\":\"https:\\\/\\\/spaakcesoria.pl\\\/wp-content\\\/uploads\\\/2022\\\/10\\\/kawior__zloto_serum_Leim-removebg-preview.png\",\"width\":500,\"height\":500},{\"@type\":\"BreadcrumbList\",\"@id\":\"https:\\\/\\\/spaakcesoria.pl\\\/index.php\\\/produkt\\\/koncentrat-przeciwzmarszczkowy-z-kawiorem-i-zlotem-leim-15ml\\\/#breadcrumb\",\"itemListElement\":[{\"@type\":\"ListItem\",\"position\":1,\"name\":\"Strona g\u0142\u00f3wna\",\"item\":\"https:\\\/\\\/spaakcesoria.pl\\\/\"},{\"@type\":\"ListItem\",\"position\":2,\"name\":\"Sklep\",\"item\":\"https:\\\/\\\/spaakcesoria.pl\\\/index.php\\\/sklep\\\/\"},{\"@type\":\"ListItem\",\"position\":3,\"name\":\"Koncentrat przeciwzmarszczkowy z kawiorem i z\u0142otem Leim 15ml\"}]},{\"@type\":\"WebSite\",\"@id\":\"https:\\\/\\\/spaakcesoria.pl\\\/#website\",\"url\":\"https:\\\/\\\/spaakcesoria.pl\\\/\",\"name\":\"\",\"description\":\"\",\"potentialAction\":[{\"@type\":\"SearchAction\",\"target\":{\"@type\":\"EntryPoint\",\"urlTemplate\":\"https:\\\/\\\/spaakcesoria.pl\\\/?s={search_term_string}\"},\"query-input\":{\"@type\":\"PropertyValueSpecification\",\"valueRequired\":true,\"valueName\":\"search_term_string\"}}],\"inLanguage\":\"pl-PL\"}]}<\/script>\n<!-- \/ Yoast SEO plugin. -->","yoast_head_json":{"title":"Koncentrat przeciwzmarszczkowy z kawiorem i z\u0142otem Leim 15ml -","description":"Koncentrat przeciwzmarszczkowy z kawiorem i z\u0142otem Leim. Luksusowy koncentrat przeciwzmarszczkowy z kawiorem i z\u0142otem dla sk\u00f3r zm\u0119czonych, dojrza\u0142ych.","robots":{"index":"index","follow":"follow","max-snippet":"max-snippet:-1","max-image-preview":"max-image-preview:large","max-video-preview":"max-video-preview:-1"},"canonical":"https:\/\/spaakcesoria.pl\/index.php\/produkt\/koncentrat-przeciwzmarszczkowy-z-kawiorem-i-zlotem-leim-15ml\/","og_locale":"pl_PL","og_type":"article","og_title":"Koncentrat przeciwzmarszczkowy z kawiorem i z\u0142otem Leim 15ml -","og_description":"Koncentrat przeciwzmarszczkowy z kawiorem i z\u0142otem Leim. Luksusowy koncentrat przeciwzmarszczkowy z kawiorem i z\u0142otem dla sk\u00f3r zm\u0119czonych, dojrza\u0142ych.","og_url":"https:\/\/spaakcesoria.pl\/index.php\/produkt\/koncentrat-przeciwzmarszczkowy-z-kawiorem-i-zlotem-leim-15ml\/","article_modified_time":"2026-02-03T19:13:33+00:00","og_image":[{"width":500,"height":500,"url":"https:\/\/spaakcesoria.pl\/wp-content\/uploads\/2022\/10\/kawior__zloto_serum_Leim-removebg-preview.png","type":"image\/png"}],"twitter_card":"summary_large_image","twitter_misc":{"Szacowany czas czytania":"1 minuta"},"schema":{"@context":"https:\/\/schema.org","@graph":[{"@type":"WebPage","@id":"https:\/\/spaakcesoria.pl\/index.php\/produkt\/koncentrat-przeciwzmarszczkowy-z-kawiorem-i-zlotem-leim-15ml\/","url":"https:\/\/spaakcesoria.pl\/index.php\/produkt\/koncentrat-przeciwzmarszczkowy-z-kawiorem-i-zlotem-leim-15ml\/","name":"Koncentrat przeciwzmarszczkowy z kawiorem i z\u0142otem Leim 15ml -","isPartOf":{"@id":"https:\/\/spaakcesoria.pl\/#website"},"primaryImageOfPage":{"@id":"https:\/\/spaakcesoria.pl\/index.php\/produkt\/koncentrat-przeciwzmarszczkowy-z-kawiorem-i-zlotem-leim-15ml\/#primaryimage"},"image":{"@id":"https:\/\/spaakcesoria.pl\/index.php\/produkt\/koncentrat-przeciwzmarszczkowy-z-kawiorem-i-zlotem-leim-15ml\/#primaryimage"},"thumbnailUrl":"https:\/\/spaakcesoria.pl\/wp-content\/uploads\/2022\/10\/kawior__zloto_serum_Leim-removebg-preview.png","datePublished":"2022-10-25T19:59:12+00:00","dateModified":"2026-02-03T19:13:33+00:00","description":"Koncentrat przeciwzmarszczkowy z kawiorem i z\u0142otem Leim. Luksusowy koncentrat przeciwzmarszczkowy z kawiorem i z\u0142otem dla sk\u00f3r zm\u0119czonych, dojrza\u0142ych.","breadcrumb":{"@id":"https:\/\/spaakcesoria.pl\/index.php\/produkt\/koncentrat-przeciwzmarszczkowy-z-kawiorem-i-zlotem-leim-15ml\/#breadcrumb"},"inLanguage":"pl-PL","potentialAction":[{"@type":"ReadAction","target":["https:\/\/spaakcesoria.pl\/index.php\/produkt\/koncentrat-przeciwzmarszczkowy-z-kawiorem-i-zlotem-leim-15ml\/"]}]},{"@type":"ImageObject","inLanguage":"pl-PL","@id":"https:\/\/spaakcesoria.pl\/index.php\/produkt\/koncentrat-przeciwzmarszczkowy-z-kawiorem-i-zlotem-leim-15ml\/#primaryimage","url":"https:\/\/spaakcesoria.pl\/wp-content\/uploads\/2022\/10\/kawior__zloto_serum_Leim-removebg-preview.png","contentUrl":"https:\/\/spaakcesoria.pl\/wp-content\/uploads\/2022\/10\/kawior__zloto_serum_Leim-removebg-preview.png","width":500,"height":500},{"@type":"BreadcrumbList","@id":"https:\/\/spaakcesoria.pl\/index.php\/produkt\/koncentrat-przeciwzmarszczkowy-z-kawiorem-i-zlotem-leim-15ml\/#breadcrumb","itemListElement":[{"@type":"ListItem","position":1,"name":"Strona g\u0142\u00f3wna","item":"https:\/\/spaakcesoria.pl\/"},{"@type":"ListItem","position":2,"name":"Sklep","item":"https:\/\/spaakcesoria.pl\/index.php\/sklep\/"},{"@type":"ListItem","position":3,"name":"Koncentrat przeciwzmarszczkowy z kawiorem i z\u0142otem Leim 15ml"}]},{"@type":"WebSite","@id":"https:\/\/spaakcesoria.pl\/#website","url":"https:\/\/spaakcesoria.pl\/","name":"","description":"","potentialAction":[{"@type":"SearchAction","target":{"@type":"EntryPoint","urlTemplate":"https:\/\/spaakcesoria.pl\/?s={search_term_string}"},"query-input":{"@type":"PropertyValueSpecification","valueRequired":true,"valueName":"search_term_string"}}],"inLanguage":"pl-PL"}]}},"_links":{"self":[{"href":"https:\/\/spaakcesoria.pl\/index.php\/wp-json\/wp\/v2\/product\/2173","targetHints":{"allow":["GET"]}}],"collection":[{"href":"https:\/\/spaakcesoria.pl\/index.php\/wp-json\/wp\/v2\/product"}],"about":[{"href":"https:\/\/spaakcesoria.pl\/index.php\/wp-json\/wp\/v2\/types\/product"}],"version-history":[{"count":1,"href":"https:\/\/spaakcesoria.pl\/index.php\/wp-json\/wp\/v2\/product\/2173\/revisions"}],"predecessor-version":[{"id":2175,"href":"https:\/\/spaakcesoria.pl\/index.php\/wp-json\/wp\/v2\/product\/2173\/revisions\/2175"}],"wp:featuredmedia":[{"embeddable":true,"href":"https:\/\/spaakcesoria.pl\/index.php\/wp-json\/wp\/v2\/media\/2174"}],"wp:attachment":[{"href":"https:\/\/spaakcesoria.pl\/index.php\/wp-json\/wp\/v2\/media?parent=2173"}],"wp:term":[{"taxonomy":"product_brand","embeddable":true,"href":"https:\/\/spaakcesoria.pl\/index.php\/wp-json\/wp\/v2\/product_brand?post=2173"},{"taxonomy":"product_cat","embeddable":true,"href":"https:\/\/spaakcesoria.pl\/index.php\/wp-json\/wp\/v2\/product_cat?post=2173"},{"taxonomy":"product_tag","embeddable":true,"href":"https:\/\/spaakcesoria.pl\/index.php\/wp-json\/wp\/v2\/product_tag?post=2173"}],"curies":[{"name":"wp","href":"https:\/\/api.w.org\/{rel}","templated":true}]}}