{"id":2342,"date":"2022-11-10T22:15:03","date_gmt":"2022-11-10T21:15:03","guid":{"rendered":"https:\/\/spaakcesoria.pl\/?post_type=product&#038;p=2342"},"modified":"2026-02-03T20:13:49","modified_gmt":"2026-02-03T19:13:49","slug":"krem-do-cery-naczynkowej-leim-anti-couperose-cream-60ml-kopia","status":"publish","type":"product","link":"https:\/\/spaakcesoria.pl\/index.php\/produkt\/krem-do-cery-naczynkowej-leim-anti-couperose-cream-60ml-kopia\/","title":{"rendered":"Krem do cery naczynkowej Leim Anti Couperose Cream 60ml"},"content":{"rendered":"<h2>Krem do cery naczynkowej Leim Anti Couperose Cream 60ml<\/h2>\n<h4>Krem od\u017cywczo-nawil\u017caj\u0105cy o w\u0142a\u015bciwo\u015bciach przeciwzapalnych, idealny dla ka\u017cdego typu cery, a zw\u0142aszcza wra\u017cliwej i z pop\u0119kanymi naczynkami. Niezwykle bogaty w substancje biologicznie aktywne.<\/h4>\n<h4>Przeznaczony do stosowania w domu oraz w salonie kosmetycznym. Regularne stosowanie kremu w po\u0142\u0105czeniu z koncentratem Biorubina skutecznie od\u017cywia sk\u00f3r\u0119, uszczelnia kapilary naczy\u0144 w\u0142osowa-tych i redukuje istniej\u0105ce zmarszczki, a tak\u017ce zapobiega tworzeniu si\u0119 nowych.<\/h4>\n<h4><strong>Spos\u00f3b u\u017cycia:<\/strong><br \/>\nNa oczyszczon\u0105 sk\u00f3r\u0119 twarzy na\u0142o\u017cy\u0107 krem i wklepa\u0107 do ca\u0142kowitego wch\u0142oni\u0119cia<\/h4>\n<h4>Opakowanie: 60 ml<\/h4>\n","protected":false},"excerpt":{"rendered":"<p>Krem dla cery wra\u017cliwej z pop\u0119kanymi naczynkami. Jest to krem od\u017cywczo-nawil\u017caj\u0105cy o w\u0142a\u015bciwo\u015bciach przeciwzapalnych oraz wzmacniaj\u0105cych rozszerzone naczynka.<\/p>\n","protected":false},"featured_media":2344,"template":"","meta":{"_monsterinsights_skip_tracking":false,"_monsterinsights_sitenote_active":false,"_monsterinsights_sitenote_note":"","_monsterinsights_sitenote_category":0},"product_brand":[],"product_cat":[22,307],"product_tag":[405,404,348],"class_list":{"0":"post-2342","1":"product","2":"type-product","3":"status-publish","4":"has-post-thumbnail","6":"product_cat-kosmetyki","7":"product_cat-kremy","8":"product_tag-do-cery-naczynkowej","9":"product_tag-krem-na-naczynka","10":"product_tag-leim","12":"first","13":"outofstock","14":"taxable","15":"shipping-taxable","16":"purchasable","17":"product-type-simple"},"yoast_head":"<!-- This site is optimized with the Yoast SEO plugin v27.4 - https:\/\/yoast.com\/product\/yoast-seo-wordpress\/ -->\n<title>Krem do cery naczynkowej Leim Anti Couperose Cream 60ml -<\/title>\n<meta name=\"description\" content=\"Krem do cery naczynkowej Leim Anti Couperose Cream 60ml, Krem dla cery wra\u017cliwej z pop\u0119kanymi naczynkami. Jest to krem od\u017cywczo-nawil\u017caj\u0105cy o w\u0142a\u015bciwo\u015bciach przeciwzapalnych oraz wzmacniaj\u0105cych rozszerzone naczynka.\" \/>\n<meta name=\"robots\" content=\"index, follow, max-snippet:-1, max-image-preview:large, max-video-preview:-1\" \/>\n<link rel=\"canonical\" href=\"https:\/\/spaakcesoria.pl\/index.php\/produkt\/krem-do-cery-naczynkowej-leim-anti-couperose-cream-60ml-kopia\/\" \/>\n<meta property=\"og:locale\" content=\"pl_PL\" \/>\n<meta property=\"og:type\" content=\"article\" \/>\n<meta property=\"og:title\" content=\"Krem do cery naczynkowej Leim Anti Couperose Cream 60ml -\" \/>\n<meta property=\"og:description\" content=\"Krem do cery naczynkowej Leim Anti Couperose Cream 60ml, Krem dla cery wra\u017cliwej z pop\u0119kanymi naczynkami. Jest to krem od\u017cywczo-nawil\u017caj\u0105cy o w\u0142a\u015bciwo\u015bciach przeciwzapalnych oraz wzmacniaj\u0105cych rozszerzone naczynka.\" \/>\n<meta property=\"og:url\" content=\"https:\/\/spaakcesoria.pl\/index.php\/produkt\/krem-do-cery-naczynkowej-leim-anti-couperose-cream-60ml-kopia\/\" \/>\n<meta property=\"article:modified_time\" content=\"2026-02-03T19:13:49+00:00\" \/>\n<meta property=\"og:image\" content=\"https:\/\/spaakcesoria.pl\/wp-content\/uploads\/2022\/11\/00111-removebg-preview.png\" \/>\n\t<meta property=\"og:image:width\" content=\"400\" \/>\n\t<meta property=\"og:image:height\" content=\"400\" \/>\n\t<meta property=\"og:image:type\" content=\"image\/png\" \/>\n<meta name=\"twitter:card\" content=\"summary_large_image\" \/>\n<meta name=\"twitter:label1\" content=\"Szacowany czas czytania\" \/>\n\t<meta name=\"twitter:data1\" content=\"1 minuta\" \/>\n<script type=\"application\/ld+json\" class=\"yoast-schema-graph\">{\"@context\":\"https:\\\/\\\/schema.org\",\"@graph\":[{\"@type\":\"WebPage\",\"@id\":\"https:\\\/\\\/spaakcesoria.pl\\\/index.php\\\/produkt\\\/krem-do-cery-naczynkowej-leim-anti-couperose-cream-60ml-kopia\\\/\",\"url\":\"https:\\\/\\\/spaakcesoria.pl\\\/index.php\\\/produkt\\\/krem-do-cery-naczynkowej-leim-anti-couperose-cream-60ml-kopia\\\/\",\"name\":\"Krem do cery naczynkowej Leim Anti Couperose Cream 60ml -\",\"isPartOf\":{\"@id\":\"https:\\\/\\\/spaakcesoria.pl\\\/#website\"},\"primaryImageOfPage\":{\"@id\":\"https:\\\/\\\/spaakcesoria.pl\\\/index.php\\\/produkt\\\/krem-do-cery-naczynkowej-leim-anti-couperose-cream-60ml-kopia\\\/#primaryimage\"},\"image\":{\"@id\":\"https:\\\/\\\/spaakcesoria.pl\\\/index.php\\\/produkt\\\/krem-do-cery-naczynkowej-leim-anti-couperose-cream-60ml-kopia\\\/#primaryimage\"},\"thumbnailUrl\":\"https:\\\/\\\/spaakcesoria.pl\\\/wp-content\\\/uploads\\\/2022\\\/11\\\/00111-removebg-preview.png\",\"datePublished\":\"2022-11-10T21:15:03+00:00\",\"dateModified\":\"2026-02-03T19:13:49+00:00\",\"description\":\"Krem do cery naczynkowej Leim Anti Couperose Cream 60ml, Krem dla cery wra\u017cliwej z pop\u0119kanymi naczynkami. Jest to krem od\u017cywczo-nawil\u017caj\u0105cy o w\u0142a\u015bciwo\u015bciach przeciwzapalnych oraz wzmacniaj\u0105cych rozszerzone naczynka.\",\"breadcrumb\":{\"@id\":\"https:\\\/\\\/spaakcesoria.pl\\\/index.php\\\/produkt\\\/krem-do-cery-naczynkowej-leim-anti-couperose-cream-60ml-kopia\\\/#breadcrumb\"},\"inLanguage\":\"pl-PL\",\"potentialAction\":[{\"@type\":\"ReadAction\",\"target\":[\"https:\\\/\\\/spaakcesoria.pl\\\/index.php\\\/produkt\\\/krem-do-cery-naczynkowej-leim-anti-couperose-cream-60ml-kopia\\\/\"]}]},{\"@type\":\"ImageObject\",\"inLanguage\":\"pl-PL\",\"@id\":\"https:\\\/\\\/spaakcesoria.pl\\\/index.php\\\/produkt\\\/krem-do-cery-naczynkowej-leim-anti-couperose-cream-60ml-kopia\\\/#primaryimage\",\"url\":\"https:\\\/\\\/spaakcesoria.pl\\\/wp-content\\\/uploads\\\/2022\\\/11\\\/00111-removebg-preview.png\",\"contentUrl\":\"https:\\\/\\\/spaakcesoria.pl\\\/wp-content\\\/uploads\\\/2022\\\/11\\\/00111-removebg-preview.png\",\"width\":400,\"height\":400},{\"@type\":\"BreadcrumbList\",\"@id\":\"https:\\\/\\\/spaakcesoria.pl\\\/index.php\\\/produkt\\\/krem-do-cery-naczynkowej-leim-anti-couperose-cream-60ml-kopia\\\/#breadcrumb\",\"itemListElement\":[{\"@type\":\"ListItem\",\"position\":1,\"name\":\"Strona g\u0142\u00f3wna\",\"item\":\"https:\\\/\\\/spaakcesoria.pl\\\/\"},{\"@type\":\"ListItem\",\"position\":2,\"name\":\"Sklep\",\"item\":\"https:\\\/\\\/spaakcesoria.pl\\\/index.php\\\/sklep\\\/\"},{\"@type\":\"ListItem\",\"position\":3,\"name\":\"Krem do cery naczynkowej Leim Anti Couperose Cream 60ml\"}]},{\"@type\":\"WebSite\",\"@id\":\"https:\\\/\\\/spaakcesoria.pl\\\/#website\",\"url\":\"https:\\\/\\\/spaakcesoria.pl\\\/\",\"name\":\"\",\"description\":\"\",\"potentialAction\":[{\"@type\":\"SearchAction\",\"target\":{\"@type\":\"EntryPoint\",\"urlTemplate\":\"https:\\\/\\\/spaakcesoria.pl\\\/?s={search_term_string}\"},\"query-input\":{\"@type\":\"PropertyValueSpecification\",\"valueRequired\":true,\"valueName\":\"search_term_string\"}}],\"inLanguage\":\"pl-PL\"}]}<\/script>\n<!-- \/ Yoast SEO plugin. -->","yoast_head_json":{"title":"Krem do cery naczynkowej Leim Anti Couperose Cream 60ml -","description":"Krem do cery naczynkowej Leim Anti Couperose Cream 60ml, Krem dla cery wra\u017cliwej z pop\u0119kanymi naczynkami. Jest to krem od\u017cywczo-nawil\u017caj\u0105cy o w\u0142a\u015bciwo\u015bciach przeciwzapalnych oraz wzmacniaj\u0105cych rozszerzone naczynka.","robots":{"index":"index","follow":"follow","max-snippet":"max-snippet:-1","max-image-preview":"max-image-preview:large","max-video-preview":"max-video-preview:-1"},"canonical":"https:\/\/spaakcesoria.pl\/index.php\/produkt\/krem-do-cery-naczynkowej-leim-anti-couperose-cream-60ml-kopia\/","og_locale":"pl_PL","og_type":"article","og_title":"Krem do cery naczynkowej Leim Anti Couperose Cream 60ml -","og_description":"Krem do cery naczynkowej Leim Anti Couperose Cream 60ml, Krem dla cery wra\u017cliwej z pop\u0119kanymi naczynkami. Jest to krem od\u017cywczo-nawil\u017caj\u0105cy o w\u0142a\u015bciwo\u015bciach przeciwzapalnych oraz wzmacniaj\u0105cych rozszerzone naczynka.","og_url":"https:\/\/spaakcesoria.pl\/index.php\/produkt\/krem-do-cery-naczynkowej-leim-anti-couperose-cream-60ml-kopia\/","article_modified_time":"2026-02-03T19:13:49+00:00","og_image":[{"width":400,"height":400,"url":"https:\/\/spaakcesoria.pl\/wp-content\/uploads\/2022\/11\/00111-removebg-preview.png","type":"image\/png"}],"twitter_card":"summary_large_image","twitter_misc":{"Szacowany czas czytania":"1 minuta"},"schema":{"@context":"https:\/\/schema.org","@graph":[{"@type":"WebPage","@id":"https:\/\/spaakcesoria.pl\/index.php\/produkt\/krem-do-cery-naczynkowej-leim-anti-couperose-cream-60ml-kopia\/","url":"https:\/\/spaakcesoria.pl\/index.php\/produkt\/krem-do-cery-naczynkowej-leim-anti-couperose-cream-60ml-kopia\/","name":"Krem do cery naczynkowej Leim Anti Couperose Cream 60ml -","isPartOf":{"@id":"https:\/\/spaakcesoria.pl\/#website"},"primaryImageOfPage":{"@id":"https:\/\/spaakcesoria.pl\/index.php\/produkt\/krem-do-cery-naczynkowej-leim-anti-couperose-cream-60ml-kopia\/#primaryimage"},"image":{"@id":"https:\/\/spaakcesoria.pl\/index.php\/produkt\/krem-do-cery-naczynkowej-leim-anti-couperose-cream-60ml-kopia\/#primaryimage"},"thumbnailUrl":"https:\/\/spaakcesoria.pl\/wp-content\/uploads\/2022\/11\/00111-removebg-preview.png","datePublished":"2022-11-10T21:15:03+00:00","dateModified":"2026-02-03T19:13:49+00:00","description":"Krem do cery naczynkowej Leim Anti Couperose Cream 60ml, Krem dla cery wra\u017cliwej z pop\u0119kanymi naczynkami. Jest to krem od\u017cywczo-nawil\u017caj\u0105cy o w\u0142a\u015bciwo\u015bciach przeciwzapalnych oraz wzmacniaj\u0105cych rozszerzone naczynka.","breadcrumb":{"@id":"https:\/\/spaakcesoria.pl\/index.php\/produkt\/krem-do-cery-naczynkowej-leim-anti-couperose-cream-60ml-kopia\/#breadcrumb"},"inLanguage":"pl-PL","potentialAction":[{"@type":"ReadAction","target":["https:\/\/spaakcesoria.pl\/index.php\/produkt\/krem-do-cery-naczynkowej-leim-anti-couperose-cream-60ml-kopia\/"]}]},{"@type":"ImageObject","inLanguage":"pl-PL","@id":"https:\/\/spaakcesoria.pl\/index.php\/produkt\/krem-do-cery-naczynkowej-leim-anti-couperose-cream-60ml-kopia\/#primaryimage","url":"https:\/\/spaakcesoria.pl\/wp-content\/uploads\/2022\/11\/00111-removebg-preview.png","contentUrl":"https:\/\/spaakcesoria.pl\/wp-content\/uploads\/2022\/11\/00111-removebg-preview.png","width":400,"height":400},{"@type":"BreadcrumbList","@id":"https:\/\/spaakcesoria.pl\/index.php\/produkt\/krem-do-cery-naczynkowej-leim-anti-couperose-cream-60ml-kopia\/#breadcrumb","itemListElement":[{"@type":"ListItem","position":1,"name":"Strona g\u0142\u00f3wna","item":"https:\/\/spaakcesoria.pl\/"},{"@type":"ListItem","position":2,"name":"Sklep","item":"https:\/\/spaakcesoria.pl\/index.php\/sklep\/"},{"@type":"ListItem","position":3,"name":"Krem do cery naczynkowej Leim Anti Couperose Cream 60ml"}]},{"@type":"WebSite","@id":"https:\/\/spaakcesoria.pl\/#website","url":"https:\/\/spaakcesoria.pl\/","name":"","description":"","potentialAction":[{"@type":"SearchAction","target":{"@type":"EntryPoint","urlTemplate":"https:\/\/spaakcesoria.pl\/?s={search_term_string}"},"query-input":{"@type":"PropertyValueSpecification","valueRequired":true,"valueName":"search_term_string"}}],"inLanguage":"pl-PL"}]}},"_links":{"self":[{"href":"https:\/\/spaakcesoria.pl\/index.php\/wp-json\/wp\/v2\/product\/2342","targetHints":{"allow":["GET"]}}],"collection":[{"href":"https:\/\/spaakcesoria.pl\/index.php\/wp-json\/wp\/v2\/product"}],"about":[{"href":"https:\/\/spaakcesoria.pl\/index.php\/wp-json\/wp\/v2\/types\/product"}],"version-history":[{"count":1,"href":"https:\/\/spaakcesoria.pl\/index.php\/wp-json\/wp\/v2\/product\/2342\/revisions"}],"predecessor-version":[{"id":2345,"href":"https:\/\/spaakcesoria.pl\/index.php\/wp-json\/wp\/v2\/product\/2342\/revisions\/2345"}],"wp:featuredmedia":[{"embeddable":true,"href":"https:\/\/spaakcesoria.pl\/index.php\/wp-json\/wp\/v2\/media\/2344"}],"wp:attachment":[{"href":"https:\/\/spaakcesoria.pl\/index.php\/wp-json\/wp\/v2\/media?parent=2342"}],"wp:term":[{"taxonomy":"product_brand","embeddable":true,"href":"https:\/\/spaakcesoria.pl\/index.php\/wp-json\/wp\/v2\/product_brand?post=2342"},{"taxonomy":"product_cat","embeddable":true,"href":"https:\/\/spaakcesoria.pl\/index.php\/wp-json\/wp\/v2\/product_cat?post=2342"},{"taxonomy":"product_tag","embeddable":true,"href":"https:\/\/spaakcesoria.pl\/index.php\/wp-json\/wp\/v2\/product_tag?post=2342"}],"curies":[{"name":"wp","href":"https:\/\/api.w.org\/{rel}","templated":true}]}}