{"id":2390,"date":"2022-11-20T21:49:42","date_gmt":"2022-11-20T20:49:42","guid":{"rendered":"https:\/\/spaakcesoria.pl\/?post_type=product&#038;p=2390"},"modified":"2026-02-03T20:14:54","modified_gmt":"2026-02-03T19:14:54","slug":"krem-ze-sluzu-slimaka-leim-snails-extract-cream-60ml","status":"publish","type":"product","link":"https:\/\/spaakcesoria.pl\/index.php\/produkt\/krem-ze-sluzu-slimaka-leim-snails-extract-cream-60ml\/","title":{"rendered":"Krem ze \u015bluzu \u015blimaka Leim Snail&#8217;s Extract Cream 60ml"},"content":{"rendered":"<h2 class=\"p1\">Krem ze \u015bluzu \u015blimaka intensywnie regeneruj\u0105cy Leim Snail&#8217;s Extract Repairing Cream Gel 60ml<\/h2>\n<h4>Krem\u00a0intensywnie regeneruj\u0105cy\u00a0zawieraj\u0105cy extrakt ze \u015bluzu \u015blimaka<\/h4>\n<h4>Producent: Leim<\/h4>\n<h4>Krem o silnym dzia\u0142aniu regeneracyjnym. Zawarte sk\u0142adniki wspomagaj\u0105 naprawcze funkcje sk\u00f3ry, rozja\u015bniaj\u0105 blizny i rozst\u0119py, wspomagaj\u0105 walk\u0119 z tr\u0105dzikiem, widocznie sp\u0142ycaj\u0105 nawet g\u0142\u0119bokie zmarszczki.<\/h4>\n<h4><strong>G\u0142\u00f3wne sk\u0142adniki kremu:<\/strong><br \/>\n&#8211; Alantoina &#8211; \u0142agodzi i regeneruje zniszczon\u0105 sk\u00f3r\u0119<br \/>\n&#8211; Kolagen i elastyna \u2013 napinaj\u0105, wyg\u0142adzaj\u0105 i uj\u0119drniaj\u0105 sk\u00f3r\u0119 oraz odpowiadaj\u0105 za utrzymanie w\u0142a\u015bciwego poziomu nawil\u017cenia sk\u00f3ry<br \/>\n&#8211; Kwas glikolowy \u2013 delikatnie z\u0142uszcza zrogowacia\u0142e kom\u00f3rki nask\u00f3rka, pozostawiaj\u0105c g\u0142adsz\u0105 i m\u0142odsz\u0105 sk\u00f3r\u0119. Jest te\u017c transporterem dla elastyny i kolagenu<br \/>\n&#8211; Witaminy A i E \u2013 maj\u0105 dzia\u0142anie przeciwzmarszczkowe, antyrodnikowe, zwi\u0119kszaj\u0105ce stopie\u0144 elastyczno\u015bci sk\u00f3ry<br \/>\n&#8211; Kompleks Higroplex &#8211; odpowiada za utrzymanie odpowiedniego poziomu nawil\u017cenia sk\u00f3ry (w sk\u0142ad kompleksu wchodzi m.in. glukoza, fruktoza, sacharoza, mocznik, alanina, asparaginian, kwas glutaminowy, Hexil Nicotinate, Hexilene Glicol)<\/h4>\n<h4>Opakowanie: 60 ml<\/h4>\n<h4><strong>Spos\u00f3b u\u017cycia:<\/strong><\/h4>\n<h4>Na\u0142o\u017cy\u0107 na oczyszczon\u0105 sk\u00f3r\u0119 twarzy.<\/h4>\n","protected":false},"excerpt":{"rendered":"<p>Krem intensywnie regeneruj\u0105cy zawieraj\u0105cy extrakt ze \u015bluzu \u015blimaka.<\/p>\n","protected":false},"featured_media":2391,"template":"","meta":{"_monsterinsights_skip_tracking":false,"_monsterinsights_sitenote_active":false,"_monsterinsights_sitenote_note":"","_monsterinsights_sitenote_category":0},"product_brand":[],"product_cat":[22,307],"product_tag":[420],"class_list":{"0":"post-2390","1":"product","2":"type-product","3":"status-publish","4":"has-post-thumbnail","6":"product_cat-kosmetyki","7":"product_cat-kremy","8":"product_tag-krem-ze-sluzu-slimaka-leim-snails-extract-cream","10":"first","11":"outofstock","12":"taxable","13":"shipping-taxable","14":"purchasable","15":"product-type-simple"},"yoast_head":"<!-- This site is optimized with the Yoast SEO plugin v27.4 - https:\/\/yoast.com\/product\/yoast-seo-wordpress\/ -->\n<title>Krem ze \u015bluzu \u015blimaka Leim Snail&#039;s Extract Cream 60ml -<\/title>\n<meta name=\"description\" content=\"Krem ze \u015bluzu \u015blimaka Leim Snail&#039;s Extract Cream 60mlKrem ze \u015bluzu \u015blimaka Leim Snail&#039;s Extract Cream 60ml\" \/>\n<meta name=\"robots\" content=\"index, follow, max-snippet:-1, max-image-preview:large, max-video-preview:-1\" \/>\n<link rel=\"canonical\" href=\"https:\/\/spaakcesoria.pl\/index.php\/produkt\/krem-ze-sluzu-slimaka-leim-snails-extract-cream-60ml\/\" \/>\n<meta property=\"og:locale\" content=\"pl_PL\" \/>\n<meta property=\"og:type\" content=\"article\" \/>\n<meta property=\"og:title\" content=\"Krem ze \u015bluzu \u015blimaka Leim Snail&#039;s Extract Cream 60ml -\" \/>\n<meta property=\"og:description\" content=\"Krem ze \u015bluzu \u015blimaka Leim Snail&#039;s Extract Cream 60mlKrem ze \u015bluzu \u015blimaka Leim Snail&#039;s Extract Cream 60ml\" \/>\n<meta property=\"og:url\" content=\"https:\/\/spaakcesoria.pl\/index.php\/produkt\/krem-ze-sluzu-slimaka-leim-snails-extract-cream-60ml\/\" \/>\n<meta property=\"article:modified_time\" content=\"2026-02-03T19:14:54+00:00\" \/>\n<meta property=\"og:image\" content=\"https:\/\/spaakcesoria.pl\/wp-content\/uploads\/2022\/11\/55.jpeg\" \/>\n\t<meta property=\"og:image:width\" content=\"400\" \/>\n\t<meta property=\"og:image:height\" content=\"400\" \/>\n\t<meta property=\"og:image:type\" content=\"image\/jpeg\" \/>\n<meta name=\"twitter:card\" content=\"summary_large_image\" \/>\n<meta name=\"twitter:label1\" content=\"Szacowany czas czytania\" \/>\n\t<meta name=\"twitter:data1\" content=\"2 minuty\" \/>\n<script type=\"application\/ld+json\" class=\"yoast-schema-graph\">{\"@context\":\"https:\\\/\\\/schema.org\",\"@graph\":[{\"@type\":\"WebPage\",\"@id\":\"https:\\\/\\\/spaakcesoria.pl\\\/index.php\\\/produkt\\\/krem-ze-sluzu-slimaka-leim-snails-extract-cream-60ml\\\/\",\"url\":\"https:\\\/\\\/spaakcesoria.pl\\\/index.php\\\/produkt\\\/krem-ze-sluzu-slimaka-leim-snails-extract-cream-60ml\\\/\",\"name\":\"Krem ze \u015bluzu \u015blimaka Leim Snail's Extract Cream 60ml -\",\"isPartOf\":{\"@id\":\"https:\\\/\\\/spaakcesoria.pl\\\/#website\"},\"primaryImageOfPage\":{\"@id\":\"https:\\\/\\\/spaakcesoria.pl\\\/index.php\\\/produkt\\\/krem-ze-sluzu-slimaka-leim-snails-extract-cream-60ml\\\/#primaryimage\"},\"image\":{\"@id\":\"https:\\\/\\\/spaakcesoria.pl\\\/index.php\\\/produkt\\\/krem-ze-sluzu-slimaka-leim-snails-extract-cream-60ml\\\/#primaryimage\"},\"thumbnailUrl\":\"https:\\\/\\\/spaakcesoria.pl\\\/wp-content\\\/uploads\\\/2022\\\/11\\\/55.jpeg\",\"datePublished\":\"2022-11-20T20:49:42+00:00\",\"dateModified\":\"2026-02-03T19:14:54+00:00\",\"description\":\"Krem ze \u015bluzu \u015blimaka Leim Snail's Extract Cream 60mlKrem ze \u015bluzu \u015blimaka Leim Snail's Extract Cream 60ml\",\"breadcrumb\":{\"@id\":\"https:\\\/\\\/spaakcesoria.pl\\\/index.php\\\/produkt\\\/krem-ze-sluzu-slimaka-leim-snails-extract-cream-60ml\\\/#breadcrumb\"},\"inLanguage\":\"pl-PL\",\"potentialAction\":[{\"@type\":\"ReadAction\",\"target\":[\"https:\\\/\\\/spaakcesoria.pl\\\/index.php\\\/produkt\\\/krem-ze-sluzu-slimaka-leim-snails-extract-cream-60ml\\\/\"]}]},{\"@type\":\"ImageObject\",\"inLanguage\":\"pl-PL\",\"@id\":\"https:\\\/\\\/spaakcesoria.pl\\\/index.php\\\/produkt\\\/krem-ze-sluzu-slimaka-leim-snails-extract-cream-60ml\\\/#primaryimage\",\"url\":\"https:\\\/\\\/spaakcesoria.pl\\\/wp-content\\\/uploads\\\/2022\\\/11\\\/55.jpeg\",\"contentUrl\":\"https:\\\/\\\/spaakcesoria.pl\\\/wp-content\\\/uploads\\\/2022\\\/11\\\/55.jpeg\",\"width\":400,\"height\":400},{\"@type\":\"BreadcrumbList\",\"@id\":\"https:\\\/\\\/spaakcesoria.pl\\\/index.php\\\/produkt\\\/krem-ze-sluzu-slimaka-leim-snails-extract-cream-60ml\\\/#breadcrumb\",\"itemListElement\":[{\"@type\":\"ListItem\",\"position\":1,\"name\":\"Strona g\u0142\u00f3wna\",\"item\":\"https:\\\/\\\/spaakcesoria.pl\\\/\"},{\"@type\":\"ListItem\",\"position\":2,\"name\":\"Sklep\",\"item\":\"https:\\\/\\\/spaakcesoria.pl\\\/index.php\\\/sklep\\\/\"},{\"@type\":\"ListItem\",\"position\":3,\"name\":\"Krem ze \u015bluzu \u015blimaka Leim Snail&#8217;s Extract Cream 60ml\"}]},{\"@type\":\"WebSite\",\"@id\":\"https:\\\/\\\/spaakcesoria.pl\\\/#website\",\"url\":\"https:\\\/\\\/spaakcesoria.pl\\\/\",\"name\":\"\",\"description\":\"\",\"potentialAction\":[{\"@type\":\"SearchAction\",\"target\":{\"@type\":\"EntryPoint\",\"urlTemplate\":\"https:\\\/\\\/spaakcesoria.pl\\\/?s={search_term_string}\"},\"query-input\":{\"@type\":\"PropertyValueSpecification\",\"valueRequired\":true,\"valueName\":\"search_term_string\"}}],\"inLanguage\":\"pl-PL\"}]}<\/script>\n<!-- \/ Yoast SEO plugin. -->","yoast_head_json":{"title":"Krem ze \u015bluzu \u015blimaka Leim Snail's Extract Cream 60ml -","description":"Krem ze \u015bluzu \u015blimaka Leim Snail's Extract Cream 60mlKrem ze \u015bluzu \u015blimaka Leim Snail's Extract Cream 60ml","robots":{"index":"index","follow":"follow","max-snippet":"max-snippet:-1","max-image-preview":"max-image-preview:large","max-video-preview":"max-video-preview:-1"},"canonical":"https:\/\/spaakcesoria.pl\/index.php\/produkt\/krem-ze-sluzu-slimaka-leim-snails-extract-cream-60ml\/","og_locale":"pl_PL","og_type":"article","og_title":"Krem ze \u015bluzu \u015blimaka Leim Snail's Extract Cream 60ml -","og_description":"Krem ze \u015bluzu \u015blimaka Leim Snail's Extract Cream 60mlKrem ze \u015bluzu \u015blimaka Leim Snail's Extract Cream 60ml","og_url":"https:\/\/spaakcesoria.pl\/index.php\/produkt\/krem-ze-sluzu-slimaka-leim-snails-extract-cream-60ml\/","article_modified_time":"2026-02-03T19:14:54+00:00","og_image":[{"width":400,"height":400,"url":"https:\/\/spaakcesoria.pl\/wp-content\/uploads\/2022\/11\/55.jpeg","type":"image\/jpeg"}],"twitter_card":"summary_large_image","twitter_misc":{"Szacowany czas czytania":"2 minuty"},"schema":{"@context":"https:\/\/schema.org","@graph":[{"@type":"WebPage","@id":"https:\/\/spaakcesoria.pl\/index.php\/produkt\/krem-ze-sluzu-slimaka-leim-snails-extract-cream-60ml\/","url":"https:\/\/spaakcesoria.pl\/index.php\/produkt\/krem-ze-sluzu-slimaka-leim-snails-extract-cream-60ml\/","name":"Krem ze \u015bluzu \u015blimaka Leim Snail's Extract Cream 60ml -","isPartOf":{"@id":"https:\/\/spaakcesoria.pl\/#website"},"primaryImageOfPage":{"@id":"https:\/\/spaakcesoria.pl\/index.php\/produkt\/krem-ze-sluzu-slimaka-leim-snails-extract-cream-60ml\/#primaryimage"},"image":{"@id":"https:\/\/spaakcesoria.pl\/index.php\/produkt\/krem-ze-sluzu-slimaka-leim-snails-extract-cream-60ml\/#primaryimage"},"thumbnailUrl":"https:\/\/spaakcesoria.pl\/wp-content\/uploads\/2022\/11\/55.jpeg","datePublished":"2022-11-20T20:49:42+00:00","dateModified":"2026-02-03T19:14:54+00:00","description":"Krem ze \u015bluzu \u015blimaka Leim Snail's Extract Cream 60mlKrem ze \u015bluzu \u015blimaka Leim Snail's Extract Cream 60ml","breadcrumb":{"@id":"https:\/\/spaakcesoria.pl\/index.php\/produkt\/krem-ze-sluzu-slimaka-leim-snails-extract-cream-60ml\/#breadcrumb"},"inLanguage":"pl-PL","potentialAction":[{"@type":"ReadAction","target":["https:\/\/spaakcesoria.pl\/index.php\/produkt\/krem-ze-sluzu-slimaka-leim-snails-extract-cream-60ml\/"]}]},{"@type":"ImageObject","inLanguage":"pl-PL","@id":"https:\/\/spaakcesoria.pl\/index.php\/produkt\/krem-ze-sluzu-slimaka-leim-snails-extract-cream-60ml\/#primaryimage","url":"https:\/\/spaakcesoria.pl\/wp-content\/uploads\/2022\/11\/55.jpeg","contentUrl":"https:\/\/spaakcesoria.pl\/wp-content\/uploads\/2022\/11\/55.jpeg","width":400,"height":400},{"@type":"BreadcrumbList","@id":"https:\/\/spaakcesoria.pl\/index.php\/produkt\/krem-ze-sluzu-slimaka-leim-snails-extract-cream-60ml\/#breadcrumb","itemListElement":[{"@type":"ListItem","position":1,"name":"Strona g\u0142\u00f3wna","item":"https:\/\/spaakcesoria.pl\/"},{"@type":"ListItem","position":2,"name":"Sklep","item":"https:\/\/spaakcesoria.pl\/index.php\/sklep\/"},{"@type":"ListItem","position":3,"name":"Krem ze \u015bluzu \u015blimaka Leim Snail&#8217;s Extract Cream 60ml"}]},{"@type":"WebSite","@id":"https:\/\/spaakcesoria.pl\/#website","url":"https:\/\/spaakcesoria.pl\/","name":"","description":"","potentialAction":[{"@type":"SearchAction","target":{"@type":"EntryPoint","urlTemplate":"https:\/\/spaakcesoria.pl\/?s={search_term_string}"},"query-input":{"@type":"PropertyValueSpecification","valueRequired":true,"valueName":"search_term_string"}}],"inLanguage":"pl-PL"}]}},"_links":{"self":[{"href":"https:\/\/spaakcesoria.pl\/index.php\/wp-json\/wp\/v2\/product\/2390","targetHints":{"allow":["GET"]}}],"collection":[{"href":"https:\/\/spaakcesoria.pl\/index.php\/wp-json\/wp\/v2\/product"}],"about":[{"href":"https:\/\/spaakcesoria.pl\/index.php\/wp-json\/wp\/v2\/types\/product"}],"version-history":[{"count":1,"href":"https:\/\/spaakcesoria.pl\/index.php\/wp-json\/wp\/v2\/product\/2390\/revisions"}],"predecessor-version":[{"id":2392,"href":"https:\/\/spaakcesoria.pl\/index.php\/wp-json\/wp\/v2\/product\/2390\/revisions\/2392"}],"wp:featuredmedia":[{"embeddable":true,"href":"https:\/\/spaakcesoria.pl\/index.php\/wp-json\/wp\/v2\/media\/2391"}],"wp:attachment":[{"href":"https:\/\/spaakcesoria.pl\/index.php\/wp-json\/wp\/v2\/media?parent=2390"}],"wp:term":[{"taxonomy":"product_brand","embeddable":true,"href":"https:\/\/spaakcesoria.pl\/index.php\/wp-json\/wp\/v2\/product_brand?post=2390"},{"taxonomy":"product_cat","embeddable":true,"href":"https:\/\/spaakcesoria.pl\/index.php\/wp-json\/wp\/v2\/product_cat?post=2390"},{"taxonomy":"product_tag","embeddable":true,"href":"https:\/\/spaakcesoria.pl\/index.php\/wp-json\/wp\/v2\/product_tag?post=2390"}],"curies":[{"name":"wp","href":"https:\/\/api.w.org\/{rel}","templated":true}]}}