{"id":2525,"date":"2022-12-12T17:01:27","date_gmt":"2022-12-12T16:01:27","guid":{"rendered":"https:\/\/spaakcesoria.pl\/?post_type=product&#038;p=2525"},"modified":"2026-02-03T20:00:05","modified_gmt":"2026-02-03T19:00:05","slug":"ampulki-aktywne-multi-active-ampoules-z-kwasem-hialuronowym-i-witamina-c-healthbeauty-15-x-2ml","status":"publish","type":"product","link":"https:\/\/spaakcesoria.pl\/index.php\/produkt\/ampulki-aktywne-multi-active-ampoules-z-kwasem-hialuronowym-i-witamina-c-healthbeauty-15-x-2ml\/","title":{"rendered":"Ampu\u0142ki aktywne Multi Active Ampoules z kwasem hialuronowym i witamin\u0105 C Health&#038;Beauty 15 x 2ml"},"content":{"rendered":"<h2>Ampu\u0142ki aktywne Multi Active Ampoules z kwasem hialuronowym i witamin\u0105 C Health&amp;Beauty 15 x 2ml<\/h2>\n<p>Producent: Health&amp;Beauty Izrael<\/p>\n<h4>Aktywne ampu\u0142ki do intensywnej, codziennej piel\u0119gnacji w cyklu dwutygodniowym. Zapewniaj\u0105 g\u0142\u0119bokie nawil\u017cenie, pozwalaj\u0105c sk\u00f3rze sta\u0107 si\u0119 na powr\u00f3t elastyczn\u0105 i j\u0119drn\u0105, nadaj\u0105 sk\u00f3rze zdrowy i promienny wygl\u0105d.<\/h4>\n<h4>Zawieraj\u0105 wysokie st\u0119\u017cenie kwasu hialuronowego, kt\u00f3ry przywraca sk\u00f3rze obj\u0119to\u015b\u0107 i m\u0142ody wygl\u0105d.<\/h4>\n<h4>Witamina C, kt\u00f3ra jest naturalnym antyoksydantem, skutecznie spowalnia procesy starzenia si\u0119 sk\u00f3ry. Dodatek allantoiny doskonale \u0142agodzi podra\u017cnienia oraz zaczerwienienia sk\u00f3ry, jednocze\u015bnie przyczynia si\u0119 do odbudowy jej naturalnego p\u0142aszcza lipidowego.<\/h4>\n<h4>Aktywne minera\u0142y z Morza Martwego koj\u0105 i wspomagaj\u0105 nawil\u017cenie sk\u00f3ry.<\/h4>\n<h4>Regularne stosowanie ampu\u0142ek nadaje sk\u00f3rze zdrowy i promienny wygl\u0105d.<\/h4>\n<h4><strong>Sk\u0142adniki aktywne:<\/strong><br \/>\n&#8211; aktywne minera\u0142y z Morza Martwego<br \/>\n&#8211; kwas hialuronowy<br \/>\n&#8211; witamina C<br \/>\n&#8211; allantoina<\/h4>\n<h4><strong>Spos\u00f3b u\u017cycia:<\/strong><br \/>\nOtworzy\u0107 ampu\u0142k\u0119 i wyla\u0107 jej zawarto\u015b\u0107 na d\u0142o\u0144.<br \/>\nNanie\u015b\u0107 na czyst\u0105 sk\u00f3r\u0119 twarzy i szyi, delikatnie wmasowa\u0107 co ca\u0142kowitego wch\u0142oni\u0119cia si\u0119 preparatu.<br \/>\nAmpu\u0142ka przeznaczona do jednorazowego u\u017cycia.<\/h4>\n","protected":false},"excerpt":{"rendered":"<p>Ampu\u0142ki aktywne Multi Active Ampoules z kwasem hialuronowym i witamin\u0105 C<\/p>\n","protected":false},"featured_media":2526,"template":"","meta":{"_monsterinsights_skip_tracking":false,"_monsterinsights_sitenote_active":false,"_monsterinsights_sitenote_note":"","_monsterinsights_sitenote_category":0},"product_brand":[],"product_cat":[322,22],"product_tag":[447,448],"class_list":{"0":"post-2525","1":"product","2":"type-product","3":"status-publish","4":"has-post-thumbnail","6":"product_cat-ampulki","7":"product_cat-kosmetyki","8":"product_tag-ampulki-aktywne-multi-active-ampoules-z-kwasem-hialuronowym-i-witamina-c","9":"product_tag-healthbeauty","11":"first","12":"outofstock","13":"taxable","14":"shipping-taxable","15":"purchasable","16":"product-type-simple"},"yoast_head":"<!-- This site is optimized with the Yoast SEO plugin v27.6 - https:\/\/yoast.com\/product\/yoast-seo-wordpress\/ -->\n<title>Ampu\u0142ki aktywne Multi Active Ampoules z kwasem hialuronowym i witamin\u0105 C Health&amp;Beauty 15 x 2ml -<\/title>\n<meta name=\"description\" content=\"Ampu\u0142ki aktywne Multi Active Ampoules z kwasem hialuronowym i witamin\u0105 C Health&amp;Beauty 15 x 2ml\" \/>\n<meta name=\"robots\" content=\"index, follow, max-snippet:-1, max-image-preview:large, max-video-preview:-1\" \/>\n<link rel=\"canonical\" href=\"https:\/\/spaakcesoria.pl\/index.php\/produkt\/ampulki-aktywne-multi-active-ampoules-z-kwasem-hialuronowym-i-witamina-c-healthbeauty-15-x-2ml\/\" \/>\n<meta property=\"og:locale\" content=\"pl_PL\" \/>\n<meta property=\"og:type\" content=\"article\" \/>\n<meta property=\"og:title\" content=\"Ampu\u0142ki aktywne Multi Active Ampoules z kwasem hialuronowym i witamin\u0105 C Health&amp;Beauty 15 x 2ml -\" \/>\n<meta property=\"og:description\" content=\"Ampu\u0142ki aktywne Multi Active Ampoules z kwasem hialuronowym i witamin\u0105 C Health&amp;Beauty 15 x 2ml\" \/>\n<meta property=\"og:url\" content=\"https:\/\/spaakcesoria.pl\/index.php\/produkt\/ampulki-aktywne-multi-active-ampoules-z-kwasem-hialuronowym-i-witamina-c-healthbeauty-15-x-2ml\/\" \/>\n<meta property=\"article:modified_time\" content=\"2026-02-03T19:00:05+00:00\" \/>\n<meta property=\"og:image\" content=\"https:\/\/spaakcesoria.pl\/wp-content\/uploads\/2022\/12\/health-ampulki-1000.jpeg\" \/>\n\t<meta property=\"og:image:width\" content=\"1000\" \/>\n\t<meta property=\"og:image:height\" content=\"1000\" \/>\n\t<meta property=\"og:image:type\" content=\"image\/jpeg\" \/>\n<meta name=\"twitter:card\" content=\"summary_large_image\" \/>\n<meta name=\"twitter:label1\" content=\"Szacowany czas czytania\" \/>\n\t<meta name=\"twitter:data1\" content=\"2 minuty\" \/>\n<script type=\"application\/ld+json\" class=\"yoast-schema-graph\">{\"@context\":\"https:\\\/\\\/schema.org\",\"@graph\":[{\"@type\":\"WebPage\",\"@id\":\"https:\\\/\\\/spaakcesoria.pl\\\/index.php\\\/produkt\\\/ampulki-aktywne-multi-active-ampoules-z-kwasem-hialuronowym-i-witamina-c-healthbeauty-15-x-2ml\\\/\",\"url\":\"https:\\\/\\\/spaakcesoria.pl\\\/index.php\\\/produkt\\\/ampulki-aktywne-multi-active-ampoules-z-kwasem-hialuronowym-i-witamina-c-healthbeauty-15-x-2ml\\\/\",\"name\":\"Ampu\u0142ki aktywne Multi Active Ampoules z kwasem hialuronowym i witamin\u0105 C Health&Beauty 15 x 2ml -\",\"isPartOf\":{\"@id\":\"https:\\\/\\\/spaakcesoria.pl\\\/#website\"},\"primaryImageOfPage\":{\"@id\":\"https:\\\/\\\/spaakcesoria.pl\\\/index.php\\\/produkt\\\/ampulki-aktywne-multi-active-ampoules-z-kwasem-hialuronowym-i-witamina-c-healthbeauty-15-x-2ml\\\/#primaryimage\"},\"image\":{\"@id\":\"https:\\\/\\\/spaakcesoria.pl\\\/index.php\\\/produkt\\\/ampulki-aktywne-multi-active-ampoules-z-kwasem-hialuronowym-i-witamina-c-healthbeauty-15-x-2ml\\\/#primaryimage\"},\"thumbnailUrl\":\"https:\\\/\\\/spaakcesoria.pl\\\/wp-content\\\/uploads\\\/2022\\\/12\\\/health-ampulki-1000.jpeg\",\"datePublished\":\"2022-12-12T16:01:27+00:00\",\"dateModified\":\"2026-02-03T19:00:05+00:00\",\"description\":\"Ampu\u0142ki aktywne Multi Active Ampoules z kwasem hialuronowym i witamin\u0105 C Health&Beauty 15 x 2ml\",\"breadcrumb\":{\"@id\":\"https:\\\/\\\/spaakcesoria.pl\\\/index.php\\\/produkt\\\/ampulki-aktywne-multi-active-ampoules-z-kwasem-hialuronowym-i-witamina-c-healthbeauty-15-x-2ml\\\/#breadcrumb\"},\"inLanguage\":\"pl-PL\",\"potentialAction\":[{\"@type\":\"ReadAction\",\"target\":[\"https:\\\/\\\/spaakcesoria.pl\\\/index.php\\\/produkt\\\/ampulki-aktywne-multi-active-ampoules-z-kwasem-hialuronowym-i-witamina-c-healthbeauty-15-x-2ml\\\/\"]}]},{\"@type\":\"ImageObject\",\"inLanguage\":\"pl-PL\",\"@id\":\"https:\\\/\\\/spaakcesoria.pl\\\/index.php\\\/produkt\\\/ampulki-aktywne-multi-active-ampoules-z-kwasem-hialuronowym-i-witamina-c-healthbeauty-15-x-2ml\\\/#primaryimage\",\"url\":\"https:\\\/\\\/spaakcesoria.pl\\\/wp-content\\\/uploads\\\/2022\\\/12\\\/health-ampulki-1000.jpeg\",\"contentUrl\":\"https:\\\/\\\/spaakcesoria.pl\\\/wp-content\\\/uploads\\\/2022\\\/12\\\/health-ampulki-1000.jpeg\",\"width\":1000,\"height\":1000},{\"@type\":\"BreadcrumbList\",\"@id\":\"https:\\\/\\\/spaakcesoria.pl\\\/index.php\\\/produkt\\\/ampulki-aktywne-multi-active-ampoules-z-kwasem-hialuronowym-i-witamina-c-healthbeauty-15-x-2ml\\\/#breadcrumb\",\"itemListElement\":[{\"@type\":\"ListItem\",\"position\":1,\"name\":\"Strona g\u0142\u00f3wna\",\"item\":\"https:\\\/\\\/spaakcesoria.pl\\\/\"},{\"@type\":\"ListItem\",\"position\":2,\"name\":\"Sklep\",\"item\":\"https:\\\/\\\/spaakcesoria.pl\\\/index.php\\\/sklep\\\/\"},{\"@type\":\"ListItem\",\"position\":3,\"name\":\"Ampu\u0142ki aktywne Multi Active Ampoules z kwasem hialuronowym i witamin\u0105 C Health&#038;Beauty 15 x 2ml\"}]},{\"@type\":\"WebSite\",\"@id\":\"https:\\\/\\\/spaakcesoria.pl\\\/#website\",\"url\":\"https:\\\/\\\/spaakcesoria.pl\\\/\",\"name\":\"\",\"description\":\"\",\"potentialAction\":[{\"@type\":\"SearchAction\",\"target\":{\"@type\":\"EntryPoint\",\"urlTemplate\":\"https:\\\/\\\/spaakcesoria.pl\\\/?s={search_term_string}\"},\"query-input\":{\"@type\":\"PropertyValueSpecification\",\"valueRequired\":true,\"valueName\":\"search_term_string\"}}],\"inLanguage\":\"pl-PL\"}]}<\/script>\n<!-- \/ Yoast SEO plugin. -->","yoast_head_json":{"title":"Ampu\u0142ki aktywne Multi Active Ampoules z kwasem hialuronowym i witamin\u0105 C Health&Beauty 15 x 2ml -","description":"Ampu\u0142ki aktywne Multi Active Ampoules z kwasem hialuronowym i witamin\u0105 C Health&Beauty 15 x 2ml","robots":{"index":"index","follow":"follow","max-snippet":"max-snippet:-1","max-image-preview":"max-image-preview:large","max-video-preview":"max-video-preview:-1"},"canonical":"https:\/\/spaakcesoria.pl\/index.php\/produkt\/ampulki-aktywne-multi-active-ampoules-z-kwasem-hialuronowym-i-witamina-c-healthbeauty-15-x-2ml\/","og_locale":"pl_PL","og_type":"article","og_title":"Ampu\u0142ki aktywne Multi Active Ampoules z kwasem hialuronowym i witamin\u0105 C Health&Beauty 15 x 2ml -","og_description":"Ampu\u0142ki aktywne Multi Active Ampoules z kwasem hialuronowym i witamin\u0105 C Health&Beauty 15 x 2ml","og_url":"https:\/\/spaakcesoria.pl\/index.php\/produkt\/ampulki-aktywne-multi-active-ampoules-z-kwasem-hialuronowym-i-witamina-c-healthbeauty-15-x-2ml\/","article_modified_time":"2026-02-03T19:00:05+00:00","og_image":[{"width":1000,"height":1000,"url":"https:\/\/spaakcesoria.pl\/wp-content\/uploads\/2022\/12\/health-ampulki-1000.jpeg","type":"image\/jpeg"}],"twitter_card":"summary_large_image","twitter_misc":{"Szacowany czas czytania":"2 minuty"},"schema":{"@context":"https:\/\/schema.org","@graph":[{"@type":"WebPage","@id":"https:\/\/spaakcesoria.pl\/index.php\/produkt\/ampulki-aktywne-multi-active-ampoules-z-kwasem-hialuronowym-i-witamina-c-healthbeauty-15-x-2ml\/","url":"https:\/\/spaakcesoria.pl\/index.php\/produkt\/ampulki-aktywne-multi-active-ampoules-z-kwasem-hialuronowym-i-witamina-c-healthbeauty-15-x-2ml\/","name":"Ampu\u0142ki aktywne Multi Active Ampoules z kwasem hialuronowym i witamin\u0105 C Health&Beauty 15 x 2ml -","isPartOf":{"@id":"https:\/\/spaakcesoria.pl\/#website"},"primaryImageOfPage":{"@id":"https:\/\/spaakcesoria.pl\/index.php\/produkt\/ampulki-aktywne-multi-active-ampoules-z-kwasem-hialuronowym-i-witamina-c-healthbeauty-15-x-2ml\/#primaryimage"},"image":{"@id":"https:\/\/spaakcesoria.pl\/index.php\/produkt\/ampulki-aktywne-multi-active-ampoules-z-kwasem-hialuronowym-i-witamina-c-healthbeauty-15-x-2ml\/#primaryimage"},"thumbnailUrl":"https:\/\/spaakcesoria.pl\/wp-content\/uploads\/2022\/12\/health-ampulki-1000.jpeg","datePublished":"2022-12-12T16:01:27+00:00","dateModified":"2026-02-03T19:00:05+00:00","description":"Ampu\u0142ki aktywne Multi Active Ampoules z kwasem hialuronowym i witamin\u0105 C Health&Beauty 15 x 2ml","breadcrumb":{"@id":"https:\/\/spaakcesoria.pl\/index.php\/produkt\/ampulki-aktywne-multi-active-ampoules-z-kwasem-hialuronowym-i-witamina-c-healthbeauty-15-x-2ml\/#breadcrumb"},"inLanguage":"pl-PL","potentialAction":[{"@type":"ReadAction","target":["https:\/\/spaakcesoria.pl\/index.php\/produkt\/ampulki-aktywne-multi-active-ampoules-z-kwasem-hialuronowym-i-witamina-c-healthbeauty-15-x-2ml\/"]}]},{"@type":"ImageObject","inLanguage":"pl-PL","@id":"https:\/\/spaakcesoria.pl\/index.php\/produkt\/ampulki-aktywne-multi-active-ampoules-z-kwasem-hialuronowym-i-witamina-c-healthbeauty-15-x-2ml\/#primaryimage","url":"https:\/\/spaakcesoria.pl\/wp-content\/uploads\/2022\/12\/health-ampulki-1000.jpeg","contentUrl":"https:\/\/spaakcesoria.pl\/wp-content\/uploads\/2022\/12\/health-ampulki-1000.jpeg","width":1000,"height":1000},{"@type":"BreadcrumbList","@id":"https:\/\/spaakcesoria.pl\/index.php\/produkt\/ampulki-aktywne-multi-active-ampoules-z-kwasem-hialuronowym-i-witamina-c-healthbeauty-15-x-2ml\/#breadcrumb","itemListElement":[{"@type":"ListItem","position":1,"name":"Strona g\u0142\u00f3wna","item":"https:\/\/spaakcesoria.pl\/"},{"@type":"ListItem","position":2,"name":"Sklep","item":"https:\/\/spaakcesoria.pl\/index.php\/sklep\/"},{"@type":"ListItem","position":3,"name":"Ampu\u0142ki aktywne Multi Active Ampoules z kwasem hialuronowym i witamin\u0105 C Health&#038;Beauty 15 x 2ml"}]},{"@type":"WebSite","@id":"https:\/\/spaakcesoria.pl\/#website","url":"https:\/\/spaakcesoria.pl\/","name":"","description":"","potentialAction":[{"@type":"SearchAction","target":{"@type":"EntryPoint","urlTemplate":"https:\/\/spaakcesoria.pl\/?s={search_term_string}"},"query-input":{"@type":"PropertyValueSpecification","valueRequired":true,"valueName":"search_term_string"}}],"inLanguage":"pl-PL"}]}},"_links":{"self":[{"href":"https:\/\/spaakcesoria.pl\/index.php\/wp-json\/wp\/v2\/product\/2525","targetHints":{"allow":["GET"]}}],"collection":[{"href":"https:\/\/spaakcesoria.pl\/index.php\/wp-json\/wp\/v2\/product"}],"about":[{"href":"https:\/\/spaakcesoria.pl\/index.php\/wp-json\/wp\/v2\/types\/product"}],"version-history":[{"count":1,"href":"https:\/\/spaakcesoria.pl\/index.php\/wp-json\/wp\/v2\/product\/2525\/revisions"}],"predecessor-version":[{"id":2527,"href":"https:\/\/spaakcesoria.pl\/index.php\/wp-json\/wp\/v2\/product\/2525\/revisions\/2527"}],"wp:featuredmedia":[{"embeddable":true,"href":"https:\/\/spaakcesoria.pl\/index.php\/wp-json\/wp\/v2\/media\/2526"}],"wp:attachment":[{"href":"https:\/\/spaakcesoria.pl\/index.php\/wp-json\/wp\/v2\/media?parent=2525"}],"wp:term":[{"taxonomy":"product_brand","embeddable":true,"href":"https:\/\/spaakcesoria.pl\/index.php\/wp-json\/wp\/v2\/product_brand?post=2525"},{"taxonomy":"product_cat","embeddable":true,"href":"https:\/\/spaakcesoria.pl\/index.php\/wp-json\/wp\/v2\/product_cat?post=2525"},{"taxonomy":"product_tag","embeddable":true,"href":"https:\/\/spaakcesoria.pl\/index.php\/wp-json\/wp\/v2\/product_tag?post=2525"}],"curies":[{"name":"wp","href":"https:\/\/api.w.org\/{rel}","templated":true}]}}