{"id":321,"date":"2020-05-29T14:57:25","date_gmt":"2020-05-29T12:57:25","guid":{"rendered":"http:\/\/sklep.prosteprzepisy.eu\/index.php\/produkt\/maska-algowa-wyciszajaca-anty-alergiczna-do-cery-naczyniowejb-wrazliwej-wzbogacona-ekstraktem-z-rumianku-i-lukrecji-oczarem-wiriginskim-oraz-wyciagiem-z-aloesu-1kg\/"},"modified":"2022-09-25T18:24:36","modified_gmt":"2022-09-25T16:24:36","slug":"maska-algowa-wyciszajaca-anty-alergiczna-do-cery-naczyniowejb-wrazliwej-wzbogacona-ekstraktem-z-rumianku-i-lukrecji-oczarem-wiriginskim-oraz-wyciagiem-z-aloesu-1kg","status":"publish","type":"product","link":"https:\/\/spaakcesoria.pl\/index.php\/produkt\/maska-algowa-wyciszajaca-anty-alergiczna-do-cery-naczyniowejb-wrazliwej-wzbogacona-ekstraktem-z-rumianku-i-lukrecji-oczarem-wiriginskim-oraz-wyciagiem-z-aloesu-1kg\/","title":{"rendered":"Maska algowa, wyciszaj\u0105ca, Anty-alergiczna, do cery naczyniowej,b.wra\u017cliwej wzbogacona ekstraktem z Rumianku i Lukrecji, Oczarem Wirigi\u0144skim oraz wyci\u0105giem z Aloesu &#8211; 1kg"},"content":{"rendered":"<p><span style=\"font-size: x-large; color: #333300;\">Maska algowa, wyciszaj\u0105ca, Anty-alergiczna, do cery naczyniowej, b.wra\u017cliwej <\/span><\/p>\n<p><span style=\"font-size: medium; color: #ff0000;\">wzbogacona ekstraktem z Rumianku i Lukrecji, Oczarem Wirigi\u0144skim oraz wyci\u0105giem z Aloesu &#8211; 1kg<\/span><\/p>\n<p style=\"text-align: center;\"><em><strong><span style=\"font-size: medium;\"><span style=\"font-size: 8pt; color: #ff0000;\">Produkt tylko dla gabinet\u00f3w kosmetycznych.\u00a0<\/span><\/span><\/strong><\/em><\/p>\n<p style=\"text-align: center;\"><em><strong><span style=\"font-size: medium;\"><span style=\"font-size: 8pt; color: #ff0000;\">( zam\u00f3wienie prosze z\u0142o\u017cy\u0107 na email :\u00a0 <a href=\"mailto:spaakcesoria@gmail.com\">mailto:spaakcesoria@gmail.com<\/a> )\u00a0<\/span><\/span><\/strong><\/em><\/p>\n<p style=\"text-align: center;\"><span style=\"font-size: x-large; color: #800080;\">Maska algowa<\/span><\/p>\n<p>Wyciszaj\u0105ca, Anty-alergiczna, do cery naczyniowej,b.wra\u017cliwej<\/p>\n<p style=\"text-align: center;\"><strong><span style=\"font-size: medium; color: #ff0000;\">wzbogacona ekstraktem z Rumianku i Lukrecji,<\/span><\/strong><\/p>\n<p style=\"text-align: center;\"><span style=\"font-size: medium; color: #800080;\"><strong><span style=\"color: #ff0000;\">Oczarem Wirgi\u0144skim oraz wyci\u0105giem z Aloesu<\/span>.<\/strong><\/span><\/p>\n<p style=\"text-align: center;\"><em><strong><span style=\"font-size: medium;\"><span style=\"font-size: 8pt; color: #ff0000;\">Produkt tylko dla gabinet\u00f3w kosmetycznych.\u00a0\u00a0<\/span><\/span><\/strong><\/em><\/p>\n<p style=\"text-align: center;\"><em><strong><span style=\"font-size: medium;\"><span style=\"font-size: 8pt; color: #ff0000;\">( zam\u00f3wienie prosze z\u0142o\u017cy\u0107 na email :\u00a0 <a href=\"mailto:spaakcesoria@gmail.com\">mailto:spaakcesoria@gmail.com)<\/a>\u00a0<\/span><\/span><\/strong><\/em><\/p>\n<p><span style=\"font-size: medium; color: #800080;\">Koj\u0105ca maska do trudnych <strong>cer wra\u017cliwych i naczyniowych<\/strong>. Wyra\u017anie <strong>obkurcza naczynia krwiono\u015bne<\/strong>, powoduj\u0105c, \u017ce zaczerwienia nie s\u0105 widoczne. <\/span><\/p>\n<p><span style=\"font-size: medium; color: #800080;\">Silnie nawil\u017ca sk\u00f3r\u0119 powoduj\u0105c, \u017ce staje si\u0119 ona zdrowa g\u0142adka i delikatna w dotyku. <\/span><\/p>\n<p><span style=\"font-size: medium; color: #800080;\">Specjalna formu\u0142a rumianku sprawia, \u017ce szybko <strong>\u0142agodzi sk\u00f3r\u0119 podra\u017cnion\u0105<\/strong>. <\/span><\/p>\n<p><span style=\"font-size: medium; color: #800080;\">Zawarty w masce Oczar Wirgi\u0144ski sprawia, \u017ce staje si\u0119 ona mask\u0105 ze specjalnym przeznaczeniem dla <strong>cer z obrz\u0119kami<\/strong>, pop\u0119kanymi naczyniami krwiono\u015bnymi ale r\u00f3wnie\u017c stanowi doskona\u0142e <strong>wyciszenie po zabiegach medycyny estetycznej<\/strong>, ostrzykiwaniu botoxem, kwasem hialuronowym, mezoterapii. <\/span><\/p>\n<p><span style=\"font-size: medium; color: #800080;\"><strong>Wyci\u0105g z oczaru<\/strong> wspaniale wp\u0142ywa na kr\u0105\u017cenie krwi, wzmacnia i chroni \u015bciany naczy\u0144 krwiono\u015bnych, uszczelnia je, zmniejsza ich krucho\u015b\u0107. <\/span><\/p>\n<p><span style=\"font-size: medium; color: #800080;\">Dzia\u0142a antyoksydacyjnie , pomaga likwidowa\u0107 opuchlizn\u0119, obkurcza si\u0144ce gdy\u017c zawiera garbniki, kt\u00f3re maj\u0105 silne w\u0142a\u015bciwo\u015bci \u015bci\u0105gaj\u0105ce.\u00a0 <\/span><\/p>\n<p><span style=\"font-size: medium; color: #800080;\">Dodatkowo wyci\u0105g z li\u015bci <strong>Lukrecji<\/strong> <strong>g\u0142adkiej<\/strong>g\u0142adkiej &#8211; jednej z najstarszych ro\u015blin stosowanych w medycynie &#8211; posiada silne w\u0142a\u015bciwo\u015bci \u0142agodz\u0105ce, przeciwalergiczne, przeciwzapalne, ale tak\u017ce antymikrobowe, zmniejsza zaczerwienienie sk\u00f3ry i wzmacnia naczynka krwiono\u015bne. <\/span><\/p>\n<p><span style=\"font-size: medium; color: #800080;\">Stymuluje odnow\u0119 kom\u00f3rkow\u0105 sk\u00f3ry, przy\u015bpiesza gojenie, zawiera znaczn\u0105 ilo\u015b\u0107 antyoksydant\u00f3w oraz specyficzne zwi\u0105zki o dzia\u0142aniu rozja\u015bniaj\u0105cym sk\u00f3r\u0119. <\/span><\/p>\n<p><span style=\"font-size: medium; color: #800080;\">Maska wzbogacona ekstraktem z li\u015bci <strong>Aloesu, <\/strong>kt\u00f3ry ze wzgl\u0119du na silne w\u0142a\u015bciwo\u015bci \u0142agodz\u0105ce i penetruj\u0105ce sk\u00f3r\u0119 stosowany jest do cery odwodnionej, bardzo wra\u017cliwej i zaczerwienionej. <\/span><\/p>\n<p><span style=\"font-size: medium; color: #800080;\">Posiada zdolno\u015b\u0107 do skutecznego transportu cz\u0105steczek wody w g\u0142\u0105b sk\u00f3ry. Zawiera aminokwasy daj\u0105c efekt silnego nawil\u017cenia oraz amylaz\u0119, kt\u00f3ra skutecznie \u0142agodzi zapalenia sk\u00f3ry i podra\u017cnienia.<\/span><\/p>\n<p><span style=\"font-size: medium; color: #800080;\"> Aloes poddany obecnie badaniom w najnowocze\u015bniejszych laboratoriach na \u015bwiecie, wci\u0105\u017c ujawnia nowe tajemnic. Doskonale skomponowane sk\u0142adniki maski daj\u0105 efekt pi\u0119knej, zdrowej, j\u0119drnej i g\u0142adkiej sk\u00f3ry o wyr\u00f3wnanym kolorycie. Bez zaczerwienie\u0144 i niedoskona\u0142o\u015bci.<\/span><\/p>\n<p><span style=\"font-size: medium; color: #ff0000;\"><strong>Spos\u00f3b u\u017cycia:<\/strong><\/span><\/p>\n<p><span style=\"font-size: medium; color: #800080;\">Na oczyszczon\u0105 sk\u00f3r\u0119 twarzy. Produkt wymiesza\u0107 z wod\u0105 w stosunku 1:2 a\u017c do uzyskania jednolitej masy. Zaaplikowa\u0107 mask\u0119 na twarz, pozostawi\u0107 15-20 minut, nast\u0119pnie sp\u0142uka\u0107 obficie wod\u0105.<\/span><\/p>\n<p><em>Maska ze wzgl\u0119du na wysokie st\u0119\u017cenie sk\u0142adnik\u00f3w aktywnych przeznaczona tylko do u\u017cytku profesjonalnego w Gabinetach Medycyny.<\/em><\/p>\n<p style=\"text-align: left;\"><strong>Ingredients: <\/strong>Diatomaceous earth, Corn starch, Algae extract, Chamomile distillate, Hamamelis virginiana (witch hazel) extract, Glycyrrhiza glabra (licorice) leaf extract, Aloe barbadensis leaf juice powder, Talc.<\/p>\n","protected":false},"excerpt":{"rendered":"<p><span style=\"font-size: medium;\">Maska algowa, wyciszaj\u0105ca, Anty-alergiczna, do cery naczyniowej, b.wra\u017cliwej <\/span><span style=\"font-size: medium; color: #ff0000;\">wzbogacona ekstraktem z Rumianku i Lukrecji, Oczarem Wirigi\u0144skim oraz wyci\u0105giem z Aloesu &#8211; 1kg<\/span><\/p>\n<p style=\"text-align: center;\"><em><strong><span style=\"font-size: medium;\"><span style=\"font-size: 8pt; color: #ff0000;\">Produkt tylko dla gabinet\u00f3w kosmetycznych.\u00a0\u00a0<\/span><\/span><\/strong><\/em><\/p>\n<p style=\"text-align: center;\">\n","protected":false},"featured_media":322,"template":"","meta":{"_monsterinsights_skip_tracking":false,"_monsterinsights_sitenote_active":false,"_monsterinsights_sitenote_note":"","_monsterinsights_sitenote_category":0},"product_brand":[],"product_cat":[25,48],"product_tag":[],"class_list":{"0":"post-321","1":"product","2":"type-product","3":"status-publish","4":"has-post-thumbnail","6":"product_cat-sunew-linie-maski-algowe","7":"product_cat-maski-platy-kolagenowe","9":"first","10":"outofstock","11":"taxable","12":"shipping-taxable","13":"product-type-simple"},"yoast_head":"<!-- This site is optimized with the Yoast SEO plugin v27.4 - https:\/\/yoast.com\/product\/yoast-seo-wordpress\/ -->\n<title>Maska algowa, wyciszaj\u0105ca, Anty-alergiczna, do cery naczyniowej,b.wra\u017cliwej wzbogacona ekstraktem z Rumianku i Lukrecji, Oczarem Wirigi\u0144skim oraz wyci\u0105giem z Aloesu - 1kg -<\/title>\n<meta name=\"robots\" content=\"index, follow, max-snippet:-1, max-image-preview:large, max-video-preview:-1\" \/>\n<link rel=\"canonical\" href=\"https:\/\/spaakcesoria.pl\/index.php\/produkt\/maska-algowa-wyciszajaca-anty-alergiczna-do-cery-naczyniowejb-wrazliwej-wzbogacona-ekstraktem-z-rumianku-i-lukrecji-oczarem-wiriginskim-oraz-wyciagiem-z-aloesu-1kg\/\" \/>\n<meta property=\"og:locale\" content=\"pl_PL\" \/>\n<meta property=\"og:type\" content=\"article\" \/>\n<meta property=\"og:title\" content=\"Maska algowa, wyciszaj\u0105ca, Anty-alergiczna, do cery naczyniowej,b.wra\u017cliwej wzbogacona ekstraktem z Rumianku i Lukrecji, Oczarem Wirigi\u0144skim oraz wyci\u0105giem z Aloesu - 1kg -\" \/>\n<meta property=\"og:description\" content=\"Maska algowa, wyciszaj\u0105ca, Anty-alergiczna, do cery naczyniowej, b.wra\u017cliwej wzbogacona ekstraktem z Rumianku i Lukrecji, Oczarem Wirigi\u0144skim oraz wyci\u0105giem z Aloesu - 1kg Produkt tylko dla gabinet\u00f3w kosmetycznych.\u00a0\u00a0\" \/>\n<meta property=\"og:url\" content=\"https:\/\/spaakcesoria.pl\/index.php\/produkt\/maska-algowa-wyciszajaca-anty-alergiczna-do-cery-naczyniowejb-wrazliwej-wzbogacona-ekstraktem-z-rumianku-i-lukrecji-oczarem-wiriginskim-oraz-wyciagiem-z-aloesu-1kg\/\" \/>\n<meta property=\"article:modified_time\" content=\"2022-09-25T16:24:36+00:00\" \/>\n<meta property=\"og:image\" content=\"https:\/\/spaakcesoria.pl\/wp-content\/uploads\/2020\/05\/1729.jpg\" \/>\n\t<meta property=\"og:image:width\" content=\"500\" \/>\n\t<meta property=\"og:image:height\" content=\"500\" \/>\n\t<meta property=\"og:image:type\" content=\"image\/jpeg\" \/>\n<meta name=\"twitter:card\" content=\"summary_large_image\" \/>\n<meta name=\"twitter:label1\" content=\"Szacowany czas czytania\" \/>\n\t<meta name=\"twitter:data1\" content=\"3 minuty\" \/>\n<script type=\"application\/ld+json\" class=\"yoast-schema-graph\">{\"@context\":\"https:\\\/\\\/schema.org\",\"@graph\":[{\"@type\":\"WebPage\",\"@id\":\"https:\\\/\\\/spaakcesoria.pl\\\/index.php\\\/produkt\\\/maska-algowa-wyciszajaca-anty-alergiczna-do-cery-naczyniowejb-wrazliwej-wzbogacona-ekstraktem-z-rumianku-i-lukrecji-oczarem-wiriginskim-oraz-wyciagiem-z-aloesu-1kg\\\/\",\"url\":\"https:\\\/\\\/spaakcesoria.pl\\\/index.php\\\/produkt\\\/maska-algowa-wyciszajaca-anty-alergiczna-do-cery-naczyniowejb-wrazliwej-wzbogacona-ekstraktem-z-rumianku-i-lukrecji-oczarem-wiriginskim-oraz-wyciagiem-z-aloesu-1kg\\\/\",\"name\":\"Maska algowa, wyciszaj\u0105ca, Anty-alergiczna, do cery naczyniowej,b.wra\u017cliwej wzbogacona ekstraktem z Rumianku i Lukrecji, Oczarem Wirigi\u0144skim oraz wyci\u0105giem z Aloesu - 1kg -\",\"isPartOf\":{\"@id\":\"https:\\\/\\\/spaakcesoria.pl\\\/#website\"},\"primaryImageOfPage\":{\"@id\":\"https:\\\/\\\/spaakcesoria.pl\\\/index.php\\\/produkt\\\/maska-algowa-wyciszajaca-anty-alergiczna-do-cery-naczyniowejb-wrazliwej-wzbogacona-ekstraktem-z-rumianku-i-lukrecji-oczarem-wiriginskim-oraz-wyciagiem-z-aloesu-1kg\\\/#primaryimage\"},\"image\":{\"@id\":\"https:\\\/\\\/spaakcesoria.pl\\\/index.php\\\/produkt\\\/maska-algowa-wyciszajaca-anty-alergiczna-do-cery-naczyniowejb-wrazliwej-wzbogacona-ekstraktem-z-rumianku-i-lukrecji-oczarem-wiriginskim-oraz-wyciagiem-z-aloesu-1kg\\\/#primaryimage\"},\"thumbnailUrl\":\"https:\\\/\\\/spaakcesoria.pl\\\/wp-content\\\/uploads\\\/2020\\\/05\\\/1729.jpg\",\"datePublished\":\"2020-05-29T12:57:25+00:00\",\"dateModified\":\"2022-09-25T16:24:36+00:00\",\"breadcrumb\":{\"@id\":\"https:\\\/\\\/spaakcesoria.pl\\\/index.php\\\/produkt\\\/maska-algowa-wyciszajaca-anty-alergiczna-do-cery-naczyniowejb-wrazliwej-wzbogacona-ekstraktem-z-rumianku-i-lukrecji-oczarem-wiriginskim-oraz-wyciagiem-z-aloesu-1kg\\\/#breadcrumb\"},\"inLanguage\":\"pl-PL\",\"potentialAction\":[{\"@type\":\"ReadAction\",\"target\":[\"https:\\\/\\\/spaakcesoria.pl\\\/index.php\\\/produkt\\\/maska-algowa-wyciszajaca-anty-alergiczna-do-cery-naczyniowejb-wrazliwej-wzbogacona-ekstraktem-z-rumianku-i-lukrecji-oczarem-wiriginskim-oraz-wyciagiem-z-aloesu-1kg\\\/\"]}]},{\"@type\":\"ImageObject\",\"inLanguage\":\"pl-PL\",\"@id\":\"https:\\\/\\\/spaakcesoria.pl\\\/index.php\\\/produkt\\\/maska-algowa-wyciszajaca-anty-alergiczna-do-cery-naczyniowejb-wrazliwej-wzbogacona-ekstraktem-z-rumianku-i-lukrecji-oczarem-wiriginskim-oraz-wyciagiem-z-aloesu-1kg\\\/#primaryimage\",\"url\":\"https:\\\/\\\/spaakcesoria.pl\\\/wp-content\\\/uploads\\\/2020\\\/05\\\/1729.jpg\",\"contentUrl\":\"https:\\\/\\\/spaakcesoria.pl\\\/wp-content\\\/uploads\\\/2020\\\/05\\\/1729.jpg\",\"width\":500,\"height\":500},{\"@type\":\"BreadcrumbList\",\"@id\":\"https:\\\/\\\/spaakcesoria.pl\\\/index.php\\\/produkt\\\/maska-algowa-wyciszajaca-anty-alergiczna-do-cery-naczyniowejb-wrazliwej-wzbogacona-ekstraktem-z-rumianku-i-lukrecji-oczarem-wiriginskim-oraz-wyciagiem-z-aloesu-1kg\\\/#breadcrumb\",\"itemListElement\":[{\"@type\":\"ListItem\",\"position\":1,\"name\":\"Strona g\u0142\u00f3wna\",\"item\":\"https:\\\/\\\/spaakcesoria.pl\\\/\"},{\"@type\":\"ListItem\",\"position\":2,\"name\":\"Sklep\",\"item\":\"https:\\\/\\\/spaakcesoria.pl\\\/index.php\\\/sklep\\\/\"},{\"@type\":\"ListItem\",\"position\":3,\"name\":\"Maska algowa, wyciszaj\u0105ca, Anty-alergiczna, do cery naczyniowej,b.wra\u017cliwej wzbogacona ekstraktem z Rumianku i Lukrecji, Oczarem Wirigi\u0144skim oraz wyci\u0105giem z Aloesu &#8211; 1kg\"}]},{\"@type\":\"WebSite\",\"@id\":\"https:\\\/\\\/spaakcesoria.pl\\\/#website\",\"url\":\"https:\\\/\\\/spaakcesoria.pl\\\/\",\"name\":\"\",\"description\":\"\",\"potentialAction\":[{\"@type\":\"SearchAction\",\"target\":{\"@type\":\"EntryPoint\",\"urlTemplate\":\"https:\\\/\\\/spaakcesoria.pl\\\/?s={search_term_string}\"},\"query-input\":{\"@type\":\"PropertyValueSpecification\",\"valueRequired\":true,\"valueName\":\"search_term_string\"}}],\"inLanguage\":\"pl-PL\"}]}<\/script>\n<!-- \/ Yoast SEO plugin. -->","yoast_head_json":{"title":"Maska algowa, wyciszaj\u0105ca, Anty-alergiczna, do cery naczyniowej,b.wra\u017cliwej wzbogacona ekstraktem z Rumianku i Lukrecji, Oczarem Wirigi\u0144skim oraz wyci\u0105giem z Aloesu - 1kg -","robots":{"index":"index","follow":"follow","max-snippet":"max-snippet:-1","max-image-preview":"max-image-preview:large","max-video-preview":"max-video-preview:-1"},"canonical":"https:\/\/spaakcesoria.pl\/index.php\/produkt\/maska-algowa-wyciszajaca-anty-alergiczna-do-cery-naczyniowejb-wrazliwej-wzbogacona-ekstraktem-z-rumianku-i-lukrecji-oczarem-wiriginskim-oraz-wyciagiem-z-aloesu-1kg\/","og_locale":"pl_PL","og_type":"article","og_title":"Maska algowa, wyciszaj\u0105ca, Anty-alergiczna, do cery naczyniowej,b.wra\u017cliwej wzbogacona ekstraktem z Rumianku i Lukrecji, Oczarem Wirigi\u0144skim oraz wyci\u0105giem z Aloesu - 1kg -","og_description":"Maska algowa, wyciszaj\u0105ca, Anty-alergiczna, do cery naczyniowej, b.wra\u017cliwej wzbogacona ekstraktem z Rumianku i Lukrecji, Oczarem Wirigi\u0144skim oraz wyci\u0105giem z Aloesu - 1kg Produkt tylko dla gabinet\u00f3w kosmetycznych.\u00a0\u00a0","og_url":"https:\/\/spaakcesoria.pl\/index.php\/produkt\/maska-algowa-wyciszajaca-anty-alergiczna-do-cery-naczyniowejb-wrazliwej-wzbogacona-ekstraktem-z-rumianku-i-lukrecji-oczarem-wiriginskim-oraz-wyciagiem-z-aloesu-1kg\/","article_modified_time":"2022-09-25T16:24:36+00:00","og_image":[{"width":500,"height":500,"url":"https:\/\/spaakcesoria.pl\/wp-content\/uploads\/2020\/05\/1729.jpg","type":"image\/jpeg"}],"twitter_card":"summary_large_image","twitter_misc":{"Szacowany czas czytania":"3 minuty"},"schema":{"@context":"https:\/\/schema.org","@graph":[{"@type":"WebPage","@id":"https:\/\/spaakcesoria.pl\/index.php\/produkt\/maska-algowa-wyciszajaca-anty-alergiczna-do-cery-naczyniowejb-wrazliwej-wzbogacona-ekstraktem-z-rumianku-i-lukrecji-oczarem-wiriginskim-oraz-wyciagiem-z-aloesu-1kg\/","url":"https:\/\/spaakcesoria.pl\/index.php\/produkt\/maska-algowa-wyciszajaca-anty-alergiczna-do-cery-naczyniowejb-wrazliwej-wzbogacona-ekstraktem-z-rumianku-i-lukrecji-oczarem-wiriginskim-oraz-wyciagiem-z-aloesu-1kg\/","name":"Maska algowa, wyciszaj\u0105ca, Anty-alergiczna, do cery naczyniowej,b.wra\u017cliwej wzbogacona ekstraktem z Rumianku i Lukrecji, Oczarem Wirigi\u0144skim oraz wyci\u0105giem z Aloesu - 1kg -","isPartOf":{"@id":"https:\/\/spaakcesoria.pl\/#website"},"primaryImageOfPage":{"@id":"https:\/\/spaakcesoria.pl\/index.php\/produkt\/maska-algowa-wyciszajaca-anty-alergiczna-do-cery-naczyniowejb-wrazliwej-wzbogacona-ekstraktem-z-rumianku-i-lukrecji-oczarem-wiriginskim-oraz-wyciagiem-z-aloesu-1kg\/#primaryimage"},"image":{"@id":"https:\/\/spaakcesoria.pl\/index.php\/produkt\/maska-algowa-wyciszajaca-anty-alergiczna-do-cery-naczyniowejb-wrazliwej-wzbogacona-ekstraktem-z-rumianku-i-lukrecji-oczarem-wiriginskim-oraz-wyciagiem-z-aloesu-1kg\/#primaryimage"},"thumbnailUrl":"https:\/\/spaakcesoria.pl\/wp-content\/uploads\/2020\/05\/1729.jpg","datePublished":"2020-05-29T12:57:25+00:00","dateModified":"2022-09-25T16:24:36+00:00","breadcrumb":{"@id":"https:\/\/spaakcesoria.pl\/index.php\/produkt\/maska-algowa-wyciszajaca-anty-alergiczna-do-cery-naczyniowejb-wrazliwej-wzbogacona-ekstraktem-z-rumianku-i-lukrecji-oczarem-wiriginskim-oraz-wyciagiem-z-aloesu-1kg\/#breadcrumb"},"inLanguage":"pl-PL","potentialAction":[{"@type":"ReadAction","target":["https:\/\/spaakcesoria.pl\/index.php\/produkt\/maska-algowa-wyciszajaca-anty-alergiczna-do-cery-naczyniowejb-wrazliwej-wzbogacona-ekstraktem-z-rumianku-i-lukrecji-oczarem-wiriginskim-oraz-wyciagiem-z-aloesu-1kg\/"]}]},{"@type":"ImageObject","inLanguage":"pl-PL","@id":"https:\/\/spaakcesoria.pl\/index.php\/produkt\/maska-algowa-wyciszajaca-anty-alergiczna-do-cery-naczyniowejb-wrazliwej-wzbogacona-ekstraktem-z-rumianku-i-lukrecji-oczarem-wiriginskim-oraz-wyciagiem-z-aloesu-1kg\/#primaryimage","url":"https:\/\/spaakcesoria.pl\/wp-content\/uploads\/2020\/05\/1729.jpg","contentUrl":"https:\/\/spaakcesoria.pl\/wp-content\/uploads\/2020\/05\/1729.jpg","width":500,"height":500},{"@type":"BreadcrumbList","@id":"https:\/\/spaakcesoria.pl\/index.php\/produkt\/maska-algowa-wyciszajaca-anty-alergiczna-do-cery-naczyniowejb-wrazliwej-wzbogacona-ekstraktem-z-rumianku-i-lukrecji-oczarem-wiriginskim-oraz-wyciagiem-z-aloesu-1kg\/#breadcrumb","itemListElement":[{"@type":"ListItem","position":1,"name":"Strona g\u0142\u00f3wna","item":"https:\/\/spaakcesoria.pl\/"},{"@type":"ListItem","position":2,"name":"Sklep","item":"https:\/\/spaakcesoria.pl\/index.php\/sklep\/"},{"@type":"ListItem","position":3,"name":"Maska algowa, wyciszaj\u0105ca, Anty-alergiczna, do cery naczyniowej,b.wra\u017cliwej wzbogacona ekstraktem z Rumianku i Lukrecji, Oczarem Wirigi\u0144skim oraz wyci\u0105giem z Aloesu &#8211; 1kg"}]},{"@type":"WebSite","@id":"https:\/\/spaakcesoria.pl\/#website","url":"https:\/\/spaakcesoria.pl\/","name":"","description":"","potentialAction":[{"@type":"SearchAction","target":{"@type":"EntryPoint","urlTemplate":"https:\/\/spaakcesoria.pl\/?s={search_term_string}"},"query-input":{"@type":"PropertyValueSpecification","valueRequired":true,"valueName":"search_term_string"}}],"inLanguage":"pl-PL"}]}},"_links":{"self":[{"href":"https:\/\/spaakcesoria.pl\/index.php\/wp-json\/wp\/v2\/product\/321","targetHints":{"allow":["GET"]}}],"collection":[{"href":"https:\/\/spaakcesoria.pl\/index.php\/wp-json\/wp\/v2\/product"}],"about":[{"href":"https:\/\/spaakcesoria.pl\/index.php\/wp-json\/wp\/v2\/types\/product"}],"version-history":[{"count":9,"href":"https:\/\/spaakcesoria.pl\/index.php\/wp-json\/wp\/v2\/product\/321\/revisions"}],"predecessor-version":[{"id":2066,"href":"https:\/\/spaakcesoria.pl\/index.php\/wp-json\/wp\/v2\/product\/321\/revisions\/2066"}],"wp:featuredmedia":[{"embeddable":true,"href":"https:\/\/spaakcesoria.pl\/index.php\/wp-json\/wp\/v2\/media\/322"}],"wp:attachment":[{"href":"https:\/\/spaakcesoria.pl\/index.php\/wp-json\/wp\/v2\/media?parent=321"}],"wp:term":[{"taxonomy":"product_brand","embeddable":true,"href":"https:\/\/spaakcesoria.pl\/index.php\/wp-json\/wp\/v2\/product_brand?post=321"},{"taxonomy":"product_cat","embeddable":true,"href":"https:\/\/spaakcesoria.pl\/index.php\/wp-json\/wp\/v2\/product_cat?post=321"},{"taxonomy":"product_tag","embeddable":true,"href":"https:\/\/spaakcesoria.pl\/index.php\/wp-json\/wp\/v2\/product_tag?post=321"}],"curies":[{"name":"wp","href":"https:\/\/api.w.org\/{rel}","templated":true}]}}