{"id":325,"date":"2020-05-29T14:57:25","date_gmt":"2020-05-29T12:57:25","guid":{"rendered":"http:\/\/sklep.prosteprzepisy.eu\/index.php\/produkt\/maska-algowa-wzbogacona-ekstraktem-z-rozy-masa-perlowa-i-maczka-kukurydziana-1kg\/"},"modified":"2022-09-25T18:27:51","modified_gmt":"2022-09-25T16:27:51","slug":"maska-algowa-wzbogacona-ekstraktem-z-rozy-masa-perlowa-i-maczka-kukurydziana-1kg","status":"publish","type":"product","link":"https:\/\/spaakcesoria.pl\/index.php\/produkt\/maska-algowa-wzbogacona-ekstraktem-z-rozy-masa-perlowa-i-maczka-kukurydziana-1kg\/","title":{"rendered":"Maska algowa wzbogacona ekstraktem z R\u00f3\u017cy, Mas\u0105 Per\u0142ow\u0105 i M\u0105czk\u0105 Kukurydzian\u0105 &#8211; 1kg"},"content":{"rendered":"<p><span style=\"font-size: x-large; color: #333300;\">Maska algowa wzbogacona ekstraktem z R\u00f3\u017cy, Mas\u0105 Per\u0142ow\u0105 i M\u0105czk\u0105 Kukurydzian\u0105 &#8211; 1kg<\/span><\/p>\n<p style=\"text-align: center;\"><span style=\"font-size: medium; color: #ff0000;\">Do cer wra\u017cliwych, poszarza\u0142ych z tendencj\u0105 do b\u0142yszczenia. <\/span><\/p>\n<p style=\"text-align: center;\"><span style=\"font-size: medium; color: #ff0000;\">Nadaje zdrowy wygl\u0105d, ma dzia\u0142anie nawil\u017caj\u0105ce i wyr\u00f3wnuj\u0105ce koloryt, przeciwzmarszczkowe.<\/span><\/p>\n<p>&nbsp;<\/p>\n<p style=\"text-align: center;\"><em><strong><span style=\"font-size: medium;\"><span style=\"font-size: 8pt; color: #ff0000;\">Produkt tylko dla gabinet\u00f3w kosmetycznych.\u00a0\u00a0<\/span><\/span><\/strong><\/em><\/p>\n<p style=\"text-align: center;\"><em><strong><span style=\"font-size: medium;\"><span style=\"font-size: 8pt; color: #ff0000;\">( zam\u00f3wienie prosze z\u0142o\u017cy\u0107 na email :\u00a0 <a href=\"mailto:spaakcesoria@gmail.com\">mailto:spaakcesoria@gmail.com\u00a0<\/a> \u00a0)\u00a0<\/span><\/span><\/strong><\/em><\/p>\n<p><span style=\"font-size: medium; color: #800080;\">\u015awietnie absorbowana przez sk\u00f3r\u0119 &#8211; zapewnia optymalny poziom nawil\u017cenia zar\u00f3wno w warstwie wewn\u0119trznej jak i zewn\u0119trznej. <\/span><\/p>\n<p><span style=\"font-size: medium; color: #800080;\">Pozostawia sk\u00f3r\u0119 od\u017cywion\u0105, g\u0142adk\u0105 i niesamowicie j\u0119drn\u0105. <\/span><\/p>\n<p><span style=\"font-size: medium; color: #800080;\">Przeznaczona do cer wra\u017cliwych, delikatnych z tendencj\u0105 do t\u0142uszczenia. Regularnie stosowana ma efekt tak\u017ce wybielaj\u0105cy przebarwienia. <\/span><\/p>\n<p><span style=\"font-size: medium; color: #800080;\">Zawarta w masce delikatna <strong>m\u0105czka kukurydziana<\/strong> ma silne w\u0142a\u015bciwo\u015bci absorpcyjne, doskonale wch\u0142ania sebum i wilgo\u0107 sk\u00f3ry. <\/span><\/p>\n<p><span style=\"font-size: medium; color: #800080;\">Podobnie jak <strong>puder ry\u017cowy<\/strong> jest polecany do cery t\u0142ustej i mieszanej z nadmiern\u0105 produkcj\u0105 sebum.<\/span><\/p>\n<p><span style=\"font-size: medium; color: #800080;\"> Sk\u00f3ra pozostaje g\u0142adka i mi\u0119kka, a jednocze\u015bnie doskonale nawil\u017cona i od\u017cywiona dzi\u0119ki pudrowi per\u0142owemu &#8211; najbardziej ekskluzywnej i najdro\u017cszej formie, otrzymywanej w wyniku odpowiedniego rozdrobnienia czystych, autentycznych pere\u0142.\u00a0 <\/span><\/p>\n<p><span style=\"font-size: medium; color: #800080;\">Ma posta\u0107 drobnego py\u0142ku, stosowan\u0105 w najbardziej luksusowych kosmetykach.\u00a0 Jest ceniony g\u0142\u00f3wnie za niesamowite w\u0142a\u015bciwo\u015bci piel\u0119gnacyjne. \u00a0<\/span><\/p>\n<p><span style=\"font-size: medium; color: #800080;\">W medycynie i piel\u0119gnacji sk\u00f3ry,\u00a0stosowany od wiek\u00f3w w krajach azjatyckich, g\u0142\u00f3wnie Chinach i Japonii dzi\u0119ki czemu kobiety zawdzi\u0119cza\u0142y wyj\u0105tkowo delikant\u0105, g\u0142adk\u0105 i pi\u0119kn\u0105 sk\u00f3r\u0119, bez zmarszczek. <\/span><\/p>\n<p><span style=\"font-size: medium; color: #800080;\">jest bogaty w unikaln\u0105 <strong>protein\u0119<\/strong> zwan\u0105 conchiolin, kt\u00f3ra odpowiada ludzkiej keratynie. <\/span><\/p>\n<p><span style=\"font-size: medium; color: #800080;\">Proteina per\u0142owa zbudowana jest z ponad 20 r\u00f3\u017cnych aminokwas\u00f3w, odpowiadaj\u0105cych za proces gojenia oraz prawid\u0142owy metabolizm i stopie\u0144 nawodnienia kom\u00f3rek sk\u00f3ry. <\/span><\/p>\n<p><span style=\"font-size: medium; color: #800080;\">Dzi\u0119ki zawarto\u015bci <strong>wapnia<\/strong>, w postaci krystalicznej (aragonit &#8211; 31%), puder per\u0142owy posiada r\u00f3wnie\u017c dzia\u0142anie matuj\u0105ce, antyseptyczne i przeciwzapalne, korzystne w przypadku cery sk\u0142onnej do wyprysk\u00f3w. <\/span><\/p>\n<p><span style=\"font-size: medium; color: #800080;\">Zawarty w masce <strong>ekstrakt z Japo\u0144skiej R\u00f3\u017cy<\/strong> (Rosa Rugosa) zawiera cenn\u0105 <strong>lewoskr\u0119tn\u0105 witamiamin\u0119 C &#8211; L &#8211; kwasu askorbinowego (L-VC)<\/strong>, kt\u00f3ra wykazuje 100% biologicznej aktywno\u015bci witaminowej\u00a0i jest efektywnie wykorzystywana przez sk\u00f3r\u0119. <\/span><\/p>\n<p><span style=\"font-size: medium; color: #800080;\">Stymuluje produkcj\u0119 ceramid\u00f3w w sk\u00f3rze.<\/span><\/p>\n<p><span style=\"font-size: medium; color: #800080;\"><strong> LVC<\/strong> \u2013 jest doceniany za efekt roz\u015bwietlenia i poprawy kolorytu poszarza\u0142ej sk\u00f3ry, a tak\u017ce jako silny i\u00a0efektywny antyoksydant\u00a0zwalczaj\u0105cy wolne rodniki. <\/span><\/p>\n<p><span style=\"font-size: medium; color: #800080;\">Dodatkowo stymuluj\u0105cy syntez\u0119 kolagenu, kt\u00f3rego ilo\u015b\u0107 spada wraz z wiekiem, zwi\u0119ksza g\u0119sto\u015b\u0107 sk\u00f3ry w\u0142a\u015bciwej, poprawia elastyczno\u015b\u0107 sk\u00f3ry sp\u0142yca drobne zmarszczki\u00a0powierzchniowe. <\/span><\/p>\n<p><span style=\"font-size: medium; color: #800080;\">Hamuje aktywno\u015b\u0107\u00a0MMP-1\u00a0&#8211; enzymu z klasy metaloproteinaz, kt\u00f3re m.in. powoduj\u0105 rozk\u0142ad kolagenu i elastyny. <\/span><\/p>\n<p><span style=\"font-size: medium; color: #800080;\">Dodatkowo zawarte <strong>Sodium ascorbyl<\/strong> substancja o dzia\u0142aniu przeciwutleniaj\u0105cym i przeciwrodnikowym.<\/span><\/p>\n<p><span style=\"font-size: medium; color: #800080;\"> Hamuje procesy egzogennego starzenia si\u0119 sk\u00f3ry wywo\u0142ywane np. promieniowaniem UV lub dymem papierosowym. <\/span><\/p>\n<p><span style=\"font-size: medium; color: #800080;\">Substancja o wysoce efektywnym dzia\u0142aniu. Znajduje zastosowanie w kosmetykach przeznaczonych do cery tr\u0105dzikowej, cery dojrza\u0142ej &#8211; kosmetyki anti-age, w preparatach po opalaniu. <\/span><\/p>\n<p><span style=\"font-size: medium; color: #800080;\">Baz\u0119 maski stanowi <strong>ziemia okrzemkowa<\/strong> \u00a0 (INCI:\u00a0<em>Diatomaceous<\/em><em>Earth<\/em>). <\/span><\/p>\n<p><span style=\"font-size: medium; color: #800080;\">Sk\u0142ada si\u0119 ona z pancerzyk\u00f3w okrzemek \u2013 jednokom\u00f3rkowych glon\u00f3w.\u00a0<\/span><\/p>\n<p><span style=\"font-size: medium; color: #800080;\">Zwi\u0105zki krzemu s\u0105 one niezwykle wa\u017cne dla prawid\u0142owego funkcjonowania sk\u00f3ry, w\u0142os\u00f3w i paznokci. Odpowiedni poziom zwi\u0105zk\u00f3w krzemu zapewnia sk\u00f3rze elastyczno\u015b\u0107 i j\u0119drno\u015b\u0107. <\/span><\/p>\n<p><span style=\"font-size: medium; color: #800080;\">Bardzo korzystnie wp\u0142ywa na stan naczy\u0144 krwiono\u015bnych wzmacnia \u015bcianki i u\u0142atwia odnow\u0119 tkanki \u0142\u0105cznej. Poprawia mikrokr\u0105\u017cenie sk\u00f3rne.<\/span><\/p>\n<p><strong><span style=\"font-size: medium; color: #ff0000;\">\u00a0<\/span><\/strong><\/p>\n<p><strong><span style=\"font-size: medium; color: #ff0000;\">Spos\u00f3b u\u017cycia:<\/span><\/strong><\/p>\n<p><span style=\"font-size: medium; color: #800080;\">Na oczyszczon\u0105 sk\u00f3r\u0119 twarzy. Produkt wymiesza\u0107 z wod\u0105 w stosunku 1:2 a\u017c do uzyskania jednolitej masy. Zaaplikowa\u0107 mask\u0119 na twarz, pozostawi\u0107 15-20 minut, nast\u0119pnie sp\u0142uka\u0107 obficie wod\u0105.<\/span><\/p>\n<p><strong>\u00a0<\/strong><\/p>\n","protected":false},"excerpt":{"rendered":"<p style=\"text-align: left;\"><span style=\"font-size: medium;\">Maska algowa wzbogacona ekstraktem z R\u00f3\u017cy, Mas\u0105 Per\u0142ow\u0105 i M\u0105czk\u0105 Kukurydzian\u0105 &#8211; 1kg. <\/span><span style=\"font-size: medium; color: #ff0000;\">Do cer wra\u017cliwych, poszarza\u0142ych z tendencj\u0105 do b\u0142yszczenia. Nadaje zdrowy wygl\u0105d, ma dzia\u0142anie nawil\u017caj\u0105ce i wyr\u00f3wnuj\u0105ce koloryt, przeciwzmarszczkowe.<\/span><\/p>\n<p style=\"text-align: center;\"><em><strong><span style=\"font-size: medium;\"><span style=\"font-size: 8pt; color: #ff0000;\">Produkt tylko dla gabinet\u00f3w kosmetycznych.\u00a0\u00a0<\/span><\/span><\/strong><\/em><\/p>\n<p style=\"text-align: center;\"><em><strong><span style=\"font-size: medium;\"><span style=\"font-size: 8pt; color: #ff0000;\">( zam\u00f3wienie prosze z\u0142o\u017cy\u0107 na email :\u00a0 <a href=\"mailto:spaakcesoria@gmail.com\">mailto:spaakcesoria@gmail.com<\/a>\u00a0 \u00a0)\u00a0<\/span><\/span><\/strong><\/em><\/p>\n","protected":false},"featured_media":326,"template":"","meta":{"_monsterinsights_skip_tracking":false,"_monsterinsights_sitenote_active":false,"_monsterinsights_sitenote_note":"","_monsterinsights_sitenote_category":0},"product_brand":[],"product_cat":[25,48],"product_tag":[],"class_list":{"0":"post-325","1":"product","2":"type-product","3":"status-publish","4":"has-post-thumbnail","6":"product_cat-sunew-linie-maski-algowe","7":"product_cat-maski-platy-kolagenowe","9":"first","10":"outofstock","11":"taxable","12":"shipping-taxable","13":"product-type-simple"},"yoast_head":"<!-- This site is optimized with the Yoast SEO plugin v27.4 - https:\/\/yoast.com\/product\/yoast-seo-wordpress\/ -->\n<title>Maska algowa wzbogacona ekstraktem z R\u00f3\u017cy, Mas\u0105 Per\u0142ow\u0105 i M\u0105czk\u0105 Kukurydzian\u0105 - 1kg -<\/title>\n<meta name=\"robots\" content=\"index, follow, max-snippet:-1, max-image-preview:large, max-video-preview:-1\" \/>\n<link rel=\"canonical\" href=\"https:\/\/spaakcesoria.pl\/index.php\/produkt\/maska-algowa-wzbogacona-ekstraktem-z-rozy-masa-perlowa-i-maczka-kukurydziana-1kg\/\" \/>\n<meta property=\"og:locale\" content=\"pl_PL\" \/>\n<meta property=\"og:type\" content=\"article\" \/>\n<meta property=\"og:title\" content=\"Maska algowa wzbogacona ekstraktem z R\u00f3\u017cy, Mas\u0105 Per\u0142ow\u0105 i M\u0105czk\u0105 Kukurydzian\u0105 - 1kg -\" \/>\n<meta property=\"og:description\" content=\"Maska algowa wzbogacona ekstraktem z R\u00f3\u017cy, Mas\u0105 Per\u0142ow\u0105 i M\u0105czk\u0105 Kukurydzian\u0105 - 1kg. Do cer wra\u017cliwych, poszarza\u0142ych z tendencj\u0105 do b\u0142yszczenia. Nadaje zdrowy wygl\u0105d, ma dzia\u0142anie nawil\u017caj\u0105ce i wyr\u00f3wnuj\u0105ce koloryt, przeciwzmarszczkowe. Produkt tylko dla gabinet\u00f3w kosmetycznych.\u00a0\u00a0 ( zam\u00f3wienie prosze z\u0142o\u017cy\u0107 na email :\u00a0 mailto:spaakcesoria@gmail.com\u00a0 \u00a0)\u00a0\" \/>\n<meta property=\"og:url\" content=\"https:\/\/spaakcesoria.pl\/index.php\/produkt\/maska-algowa-wzbogacona-ekstraktem-z-rozy-masa-perlowa-i-maczka-kukurydziana-1kg\/\" \/>\n<meta property=\"article:modified_time\" content=\"2022-09-25T16:27:51+00:00\" \/>\n<meta property=\"og:image\" content=\"https:\/\/spaakcesoria.pl\/wp-content\/uploads\/2020\/05\/1726.jpg\" \/>\n\t<meta property=\"og:image:width\" content=\"500\" \/>\n\t<meta property=\"og:image:height\" content=\"500\" \/>\n\t<meta property=\"og:image:type\" content=\"image\/jpeg\" \/>\n<meta name=\"twitter:card\" content=\"summary_large_image\" \/>\n<meta name=\"twitter:label1\" content=\"Szacowany czas czytania\" \/>\n\t<meta name=\"twitter:data1\" content=\"3 minuty\" \/>\n<script type=\"application\/ld+json\" class=\"yoast-schema-graph\">{\"@context\":\"https:\\\/\\\/schema.org\",\"@graph\":[{\"@type\":\"WebPage\",\"@id\":\"https:\\\/\\\/spaakcesoria.pl\\\/index.php\\\/produkt\\\/maska-algowa-wzbogacona-ekstraktem-z-rozy-masa-perlowa-i-maczka-kukurydziana-1kg\\\/\",\"url\":\"https:\\\/\\\/spaakcesoria.pl\\\/index.php\\\/produkt\\\/maska-algowa-wzbogacona-ekstraktem-z-rozy-masa-perlowa-i-maczka-kukurydziana-1kg\\\/\",\"name\":\"Maska algowa wzbogacona ekstraktem z R\u00f3\u017cy, Mas\u0105 Per\u0142ow\u0105 i M\u0105czk\u0105 Kukurydzian\u0105 - 1kg -\",\"isPartOf\":{\"@id\":\"https:\\\/\\\/spaakcesoria.pl\\\/#website\"},\"primaryImageOfPage\":{\"@id\":\"https:\\\/\\\/spaakcesoria.pl\\\/index.php\\\/produkt\\\/maska-algowa-wzbogacona-ekstraktem-z-rozy-masa-perlowa-i-maczka-kukurydziana-1kg\\\/#primaryimage\"},\"image\":{\"@id\":\"https:\\\/\\\/spaakcesoria.pl\\\/index.php\\\/produkt\\\/maska-algowa-wzbogacona-ekstraktem-z-rozy-masa-perlowa-i-maczka-kukurydziana-1kg\\\/#primaryimage\"},\"thumbnailUrl\":\"https:\\\/\\\/spaakcesoria.pl\\\/wp-content\\\/uploads\\\/2020\\\/05\\\/1726.jpg\",\"datePublished\":\"2020-05-29T12:57:25+00:00\",\"dateModified\":\"2022-09-25T16:27:51+00:00\",\"breadcrumb\":{\"@id\":\"https:\\\/\\\/spaakcesoria.pl\\\/index.php\\\/produkt\\\/maska-algowa-wzbogacona-ekstraktem-z-rozy-masa-perlowa-i-maczka-kukurydziana-1kg\\\/#breadcrumb\"},\"inLanguage\":\"pl-PL\",\"potentialAction\":[{\"@type\":\"ReadAction\",\"target\":[\"https:\\\/\\\/spaakcesoria.pl\\\/index.php\\\/produkt\\\/maska-algowa-wzbogacona-ekstraktem-z-rozy-masa-perlowa-i-maczka-kukurydziana-1kg\\\/\"]}]},{\"@type\":\"ImageObject\",\"inLanguage\":\"pl-PL\",\"@id\":\"https:\\\/\\\/spaakcesoria.pl\\\/index.php\\\/produkt\\\/maska-algowa-wzbogacona-ekstraktem-z-rozy-masa-perlowa-i-maczka-kukurydziana-1kg\\\/#primaryimage\",\"url\":\"https:\\\/\\\/spaakcesoria.pl\\\/wp-content\\\/uploads\\\/2020\\\/05\\\/1726.jpg\",\"contentUrl\":\"https:\\\/\\\/spaakcesoria.pl\\\/wp-content\\\/uploads\\\/2020\\\/05\\\/1726.jpg\",\"width\":500,\"height\":500},{\"@type\":\"BreadcrumbList\",\"@id\":\"https:\\\/\\\/spaakcesoria.pl\\\/index.php\\\/produkt\\\/maska-algowa-wzbogacona-ekstraktem-z-rozy-masa-perlowa-i-maczka-kukurydziana-1kg\\\/#breadcrumb\",\"itemListElement\":[{\"@type\":\"ListItem\",\"position\":1,\"name\":\"Strona g\u0142\u00f3wna\",\"item\":\"https:\\\/\\\/spaakcesoria.pl\\\/\"},{\"@type\":\"ListItem\",\"position\":2,\"name\":\"Sklep\",\"item\":\"https:\\\/\\\/spaakcesoria.pl\\\/index.php\\\/sklep\\\/\"},{\"@type\":\"ListItem\",\"position\":3,\"name\":\"Maska algowa wzbogacona ekstraktem z R\u00f3\u017cy, Mas\u0105 Per\u0142ow\u0105 i M\u0105czk\u0105 Kukurydzian\u0105 &#8211; 1kg\"}]},{\"@type\":\"WebSite\",\"@id\":\"https:\\\/\\\/spaakcesoria.pl\\\/#website\",\"url\":\"https:\\\/\\\/spaakcesoria.pl\\\/\",\"name\":\"\",\"description\":\"\",\"potentialAction\":[{\"@type\":\"SearchAction\",\"target\":{\"@type\":\"EntryPoint\",\"urlTemplate\":\"https:\\\/\\\/spaakcesoria.pl\\\/?s={search_term_string}\"},\"query-input\":{\"@type\":\"PropertyValueSpecification\",\"valueRequired\":true,\"valueName\":\"search_term_string\"}}],\"inLanguage\":\"pl-PL\"}]}<\/script>\n<!-- \/ Yoast SEO plugin. -->","yoast_head_json":{"title":"Maska algowa wzbogacona ekstraktem z R\u00f3\u017cy, Mas\u0105 Per\u0142ow\u0105 i M\u0105czk\u0105 Kukurydzian\u0105 - 1kg -","robots":{"index":"index","follow":"follow","max-snippet":"max-snippet:-1","max-image-preview":"max-image-preview:large","max-video-preview":"max-video-preview:-1"},"canonical":"https:\/\/spaakcesoria.pl\/index.php\/produkt\/maska-algowa-wzbogacona-ekstraktem-z-rozy-masa-perlowa-i-maczka-kukurydziana-1kg\/","og_locale":"pl_PL","og_type":"article","og_title":"Maska algowa wzbogacona ekstraktem z R\u00f3\u017cy, Mas\u0105 Per\u0142ow\u0105 i M\u0105czk\u0105 Kukurydzian\u0105 - 1kg -","og_description":"Maska algowa wzbogacona ekstraktem z R\u00f3\u017cy, Mas\u0105 Per\u0142ow\u0105 i M\u0105czk\u0105 Kukurydzian\u0105 - 1kg. Do cer wra\u017cliwych, poszarza\u0142ych z tendencj\u0105 do b\u0142yszczenia. Nadaje zdrowy wygl\u0105d, ma dzia\u0142anie nawil\u017caj\u0105ce i wyr\u00f3wnuj\u0105ce koloryt, przeciwzmarszczkowe. Produkt tylko dla gabinet\u00f3w kosmetycznych.\u00a0\u00a0 ( zam\u00f3wienie prosze z\u0142o\u017cy\u0107 na email :\u00a0 mailto:spaakcesoria@gmail.com\u00a0 \u00a0)\u00a0","og_url":"https:\/\/spaakcesoria.pl\/index.php\/produkt\/maska-algowa-wzbogacona-ekstraktem-z-rozy-masa-perlowa-i-maczka-kukurydziana-1kg\/","article_modified_time":"2022-09-25T16:27:51+00:00","og_image":[{"width":500,"height":500,"url":"https:\/\/spaakcesoria.pl\/wp-content\/uploads\/2020\/05\/1726.jpg","type":"image\/jpeg"}],"twitter_card":"summary_large_image","twitter_misc":{"Szacowany czas czytania":"3 minuty"},"schema":{"@context":"https:\/\/schema.org","@graph":[{"@type":"WebPage","@id":"https:\/\/spaakcesoria.pl\/index.php\/produkt\/maska-algowa-wzbogacona-ekstraktem-z-rozy-masa-perlowa-i-maczka-kukurydziana-1kg\/","url":"https:\/\/spaakcesoria.pl\/index.php\/produkt\/maska-algowa-wzbogacona-ekstraktem-z-rozy-masa-perlowa-i-maczka-kukurydziana-1kg\/","name":"Maska algowa wzbogacona ekstraktem z R\u00f3\u017cy, Mas\u0105 Per\u0142ow\u0105 i M\u0105czk\u0105 Kukurydzian\u0105 - 1kg -","isPartOf":{"@id":"https:\/\/spaakcesoria.pl\/#website"},"primaryImageOfPage":{"@id":"https:\/\/spaakcesoria.pl\/index.php\/produkt\/maska-algowa-wzbogacona-ekstraktem-z-rozy-masa-perlowa-i-maczka-kukurydziana-1kg\/#primaryimage"},"image":{"@id":"https:\/\/spaakcesoria.pl\/index.php\/produkt\/maska-algowa-wzbogacona-ekstraktem-z-rozy-masa-perlowa-i-maczka-kukurydziana-1kg\/#primaryimage"},"thumbnailUrl":"https:\/\/spaakcesoria.pl\/wp-content\/uploads\/2020\/05\/1726.jpg","datePublished":"2020-05-29T12:57:25+00:00","dateModified":"2022-09-25T16:27:51+00:00","breadcrumb":{"@id":"https:\/\/spaakcesoria.pl\/index.php\/produkt\/maska-algowa-wzbogacona-ekstraktem-z-rozy-masa-perlowa-i-maczka-kukurydziana-1kg\/#breadcrumb"},"inLanguage":"pl-PL","potentialAction":[{"@type":"ReadAction","target":["https:\/\/spaakcesoria.pl\/index.php\/produkt\/maska-algowa-wzbogacona-ekstraktem-z-rozy-masa-perlowa-i-maczka-kukurydziana-1kg\/"]}]},{"@type":"ImageObject","inLanguage":"pl-PL","@id":"https:\/\/spaakcesoria.pl\/index.php\/produkt\/maska-algowa-wzbogacona-ekstraktem-z-rozy-masa-perlowa-i-maczka-kukurydziana-1kg\/#primaryimage","url":"https:\/\/spaakcesoria.pl\/wp-content\/uploads\/2020\/05\/1726.jpg","contentUrl":"https:\/\/spaakcesoria.pl\/wp-content\/uploads\/2020\/05\/1726.jpg","width":500,"height":500},{"@type":"BreadcrumbList","@id":"https:\/\/spaakcesoria.pl\/index.php\/produkt\/maska-algowa-wzbogacona-ekstraktem-z-rozy-masa-perlowa-i-maczka-kukurydziana-1kg\/#breadcrumb","itemListElement":[{"@type":"ListItem","position":1,"name":"Strona g\u0142\u00f3wna","item":"https:\/\/spaakcesoria.pl\/"},{"@type":"ListItem","position":2,"name":"Sklep","item":"https:\/\/spaakcesoria.pl\/index.php\/sklep\/"},{"@type":"ListItem","position":3,"name":"Maska algowa wzbogacona ekstraktem z R\u00f3\u017cy, Mas\u0105 Per\u0142ow\u0105 i M\u0105czk\u0105 Kukurydzian\u0105 &#8211; 1kg"}]},{"@type":"WebSite","@id":"https:\/\/spaakcesoria.pl\/#website","url":"https:\/\/spaakcesoria.pl\/","name":"","description":"","potentialAction":[{"@type":"SearchAction","target":{"@type":"EntryPoint","urlTemplate":"https:\/\/spaakcesoria.pl\/?s={search_term_string}"},"query-input":{"@type":"PropertyValueSpecification","valueRequired":true,"valueName":"search_term_string"}}],"inLanguage":"pl-PL"}]}},"_links":{"self":[{"href":"https:\/\/spaakcesoria.pl\/index.php\/wp-json\/wp\/v2\/product\/325","targetHints":{"allow":["GET"]}}],"collection":[{"href":"https:\/\/spaakcesoria.pl\/index.php\/wp-json\/wp\/v2\/product"}],"about":[{"href":"https:\/\/spaakcesoria.pl\/index.php\/wp-json\/wp\/v2\/types\/product"}],"version-history":[{"count":5,"href":"https:\/\/spaakcesoria.pl\/index.php\/wp-json\/wp\/v2\/product\/325\/revisions"}],"predecessor-version":[{"id":1696,"href":"https:\/\/spaakcesoria.pl\/index.php\/wp-json\/wp\/v2\/product\/325\/revisions\/1696"}],"wp:featuredmedia":[{"embeddable":true,"href":"https:\/\/spaakcesoria.pl\/index.php\/wp-json\/wp\/v2\/media\/326"}],"wp:attachment":[{"href":"https:\/\/spaakcesoria.pl\/index.php\/wp-json\/wp\/v2\/media?parent=325"}],"wp:term":[{"taxonomy":"product_brand","embeddable":true,"href":"https:\/\/spaakcesoria.pl\/index.php\/wp-json\/wp\/v2\/product_brand?post=325"},{"taxonomy":"product_cat","embeddable":true,"href":"https:\/\/spaakcesoria.pl\/index.php\/wp-json\/wp\/v2\/product_cat?post=325"},{"taxonomy":"product_tag","embeddable":true,"href":"https:\/\/spaakcesoria.pl\/index.php\/wp-json\/wp\/v2\/product_tag?post=325"}],"curies":[{"name":"wp","href":"https:\/\/api.w.org\/{rel}","templated":true}]}}