{"id":53,"date":"2020-05-29T14:56:35","date_gmt":"2020-05-29T12:56:35","guid":{"rendered":"http:\/\/sklep.prosteprzepisy.eu\/index.php\/produkt\/koncentrat-zapach-do-sauny-mieta-pieprzowa-1l\/"},"modified":"2025-04-23T16:50:33","modified_gmt":"2025-04-23T14:50:33","slug":"koncentrat-zapach-do-sauny-mieta-pieprzowa-1l","status":"publish","type":"product","link":"https:\/\/spaakcesoria.pl\/index.php\/produkt\/koncentrat-zapach-do-sauny-mieta-pieprzowa-1l\/","title":{"rendered":"KONCENTRAT &#8211; ZAPACH DO SAUNY &#8211; MI\u0118TA PIEPRZOWA -1l, 3l, 10l"},"content":{"rendered":"<p><strong><span style=\"color: #800000; font-size: medium;\">KONCENTRAT &#8211; ZAPACH DO SAUNY &#8211; MI\u0118TA PIEPRZOWA -1l, 3l, 10l<\/span><\/strong><\/p>\n<p><span style=\"color: #800000; font-size: medium;\"><span style=\"color: #ff0000;\">zapytaj o cen\u0119:\u00a0 \u00a0email:spaakcesoria@gmail.com\u00a0 \u00a0 \u00a0<\/span><\/span><\/p>\n<p class=\"top2_txt\">\n<p><strong><span style=\"color: #800000; font-size: medium;\"><span style=\"color: #ff0000;\">pobudzaj\u0105cy apetyt, poprawia sampoczucie, od\u015bwie\u017caj\u0105cy, koncentruje<\/span><br \/>\nseria mi\u0119towe:<br \/>\n&#8211; eukaliptus z mi\u0119t\u0105 &#8211; chi\u0144ski eukaliptus &#8211; mi\u0119ta pieprzowa &#8211; mieta z Alaski<br \/>\n<\/span><\/strong><\/p>\n<p><span style=\"color: #800000; font-size: medium;\">Stworzyli\u015bmy dla Pa\u0144stwa palet\u0119 produkt\u00f3w 29 kompozycji zapachowych.\u00a0 Przez to Pa\u0144stwa sauna, \u0142a\u017ania parowa stanie si\u0119 miejscem szczeg\u00f3lnym dla go\u015bci. Odkryjcie fascynuj\u0105cy \u015bwiat o\u017cywiaj\u0105cych, odpr\u0119\u017caj\u0105cych, egzotycznych, harmonizuj\u0105cych, piel\u0119gnuj\u0105cych i tajemniczych aromat\u00f3w. <\/span><span style=\"color: #800000; font-size: medium;\"><br \/>\nOdno\u015bnie jako\u015bci produkt\u00f3w Lacoform: Wszystkie kompozycje zapachowe s\u0105 wykonane z czystych olejk\u00f3w eterycznych naturalnego pochodzenia z substancjami no\u015bnymi o jako\u015bci produkt\u00f3w spo\u017cywczych wzgl\u0119dnie kosmetycznych!<br \/>\n<\/span><\/p>\n<p><span style=\"color: #800000; font-size: medium;\"><span style=\"color: #ff0000;\">Zapach\u00a0 do\u00a0 sauny \u00a0\u00a0 MI\u0118TA PIEPRZOWA -1l , 3l, 10l pobudzaj\u0105cy, poprawia sampoczucie<\/span><br \/>\n<\/span><\/p>\n<p><span style=\"color: #800000; font-size: medium;\"><strong><span style=\"color: #ff0000;\">Zawarto\u015b\u0107:<\/span><\/strong> naturalne olejki eteryczne, alkohole, substancje no\u015bne.<br \/>\nKoncentraty s\u0142u\u017c\u0105 do przygotowywania zapachowego roztworu wodnego, kt\u00f3rym polewa si\u0119 kamienie w saunie. Dodatki zapachowe zwi\u0119kszaj\u0105 przyjemno\u015b\u0107 przebywania w saunie. Koncentrat s\u0142u\u017cy do tzw. Terapii zapachowej w saunie. Nadaje si\u0119 zar\u00f3wno do manualnego przygotowania wody do spryskiwania kamieni w saunie jak i do automatycznych urz\u0105dze\u0144 napachniaj\u0105cych saun\u0119.<br \/>\n<\/span><\/p>\n<p><span style=\"color: #800000; font-size: medium;\"><strong><span style=\"color: #ff0000;\">Spos\u00f3b u\u017cycia:<\/span><\/strong> Koncentraty rozpuszcza si\u0119 w wiaderkach z wod\u0105 do polewania kamieni w saunie. Do wiaderka wlewa si\u0119 ok. 4-5 l zimnej wody i ok. 3-10 ml koncentratu (w zale\u017cno\u015bci od wielko\u015bci sauny). Przy zmianie zapachu nale\u017cy wiaderko wyp\u0142uka\u0107 gor\u0105c\u0105 wod\u0105, \u017ceby usun\u0105\u0107 resztki poprzedniego zapachu. Zapach\u00f3w nie powinno si\u0119 przedozowa\u0107, gdy\u017c mo\u017ce to spowodowa\u0107 zaczerwienienie\u00a0 i pieczenie oczu. Wszystkie zapachy mo\u017cna ze sob\u0105 miesza\u0107 i tworzy\u0107 kompozycje zapachowe.<\/span><\/p>\n<p><span style=\"color: #ff0000;\">Uwaga:<\/span> kamienie z osadem lub w og\u00f3le za ma\u0142e kamienie mog\u0105 zapach zmieni\u0107 lub nawet doprowadzi\u0107 do nieprzyjemnych zapach\u00f3w \u2013 nale\u017cy je umy\u0107 lub zu\u017cyte wymieni\u0107 na nowe.<br \/>\n<strong><span style=\"color: #ff0000;\">UWAGA<\/span><\/strong> \u2013 nie rozpuszczony w wodzie koncentrat nigdy nie nalewa\u0107 bezpo\u015brednio na kamienie \u2013 mo\u017cliwo\u015b\u0107 po\u017caru!<br \/>\n<span style=\"color: #800000; font-size: medium;\">Produkt nale\u017cy chroni\u0107 przed s\u0142o\u0144cem i mrozem, przechowywa\u0107 w szczelnie zamkni\u0119tym w ch\u0142odnym pomieszczeniu.<\/span><\/p>\n<p><span style=\"color: #ff0000;\">Stosowa\u0107\u00a0 w stanie\u00a0 rozcie\u0144czonym! Bardzo\u00a0 wydajne! <\/span><\/p>\n","protected":false},"excerpt":{"rendered":"<p>KONCENTRAT &#8211; ZAPACH DO SAUNY &#8211; MI\u0118TA PIEPRZOWA -1l, 3l, 10l<\/p>\n","protected":false},"featured_media":54,"template":"","meta":{"_monsterinsights_skip_tracking":false,"_monsterinsights_sitenote_active":false,"_monsterinsights_sitenote_note":"","_monsterinsights_sitenote_category":0},"product_brand":[],"product_cat":[43],"product_tag":[147],"class_list":{"0":"post-53","1":"product","2":"type-product","3":"status-publish","4":"has-post-thumbnail","6":"product_cat-koncentrat-zapachu-do-sauny","7":"product_tag-zapachy-do-sauny","9":"first","10":"onbackorder","11":"product-type-simple"},"yoast_head":"<!-- This site is optimized with the Yoast SEO plugin v27.4 - https:\/\/yoast.com\/product\/yoast-seo-wordpress\/ -->\n<title>KONCENTRAT - ZAPACH DO SAUNY - MI\u0118TA PIEPRZOWA -1l, 3l, 10l -<\/title>\n<meta name=\"description\" content=\"Zapach koncentrat do sauny, bardzo wydajny, do rozcie\u0144czenia. Zapachy cytrusowe, owocowe, kwiatowe, mi\u0119towe.\" \/>\n<meta name=\"robots\" content=\"index, follow, max-snippet:-1, max-image-preview:large, max-video-preview:-1\" \/>\n<link rel=\"canonical\" href=\"https:\/\/spaakcesoria.pl\/index.php\/produkt\/koncentrat-zapach-do-sauny-mieta-pieprzowa-1l\/\" \/>\n<meta property=\"og:locale\" content=\"pl_PL\" \/>\n<meta property=\"og:type\" content=\"article\" \/>\n<meta property=\"og:title\" content=\"KONCENTRAT - ZAPACH DO SAUNY - MI\u0118TA PIEPRZOWA -1l, 3l, 10l -\" \/>\n<meta property=\"og:description\" content=\"Zapach koncentrat do sauny, bardzo wydajny, do rozcie\u0144czenia. Zapachy cytrusowe, owocowe, kwiatowe, mi\u0119towe.\" \/>\n<meta property=\"og:url\" content=\"https:\/\/spaakcesoria.pl\/index.php\/produkt\/koncentrat-zapach-do-sauny-mieta-pieprzowa-1l\/\" \/>\n<meta property=\"article:modified_time\" content=\"2025-04-23T14:50:33+00:00\" \/>\n<meta property=\"og:image\" content=\"https:\/\/spaakcesoria.pl\/wp-content\/uploads\/2020\/05\/55c49a2fd056df50d24df3a37913ba32.jpg\" \/>\n\t<meta property=\"og:image:width\" content=\"65\" \/>\n\t<meta property=\"og:image:height\" content=\"100\" \/>\n\t<meta property=\"og:image:type\" content=\"image\/jpeg\" \/>\n<meta name=\"twitter:card\" content=\"summary_large_image\" \/>\n<meta name=\"twitter:label1\" content=\"Szacowany czas czytania\" \/>\n\t<meta name=\"twitter:data1\" content=\"2 minuty\" \/>\n<script type=\"application\/ld+json\" class=\"yoast-schema-graph\">{\"@context\":\"https:\\\/\\\/schema.org\",\"@graph\":[{\"@type\":\"WebPage\",\"@id\":\"https:\\\/\\\/spaakcesoria.pl\\\/index.php\\\/produkt\\\/koncentrat-zapach-do-sauny-mieta-pieprzowa-1l\\\/\",\"url\":\"https:\\\/\\\/spaakcesoria.pl\\\/index.php\\\/produkt\\\/koncentrat-zapach-do-sauny-mieta-pieprzowa-1l\\\/\",\"name\":\"KONCENTRAT - ZAPACH DO SAUNY - MI\u0118TA PIEPRZOWA -1l, 3l, 10l -\",\"isPartOf\":{\"@id\":\"https:\\\/\\\/spaakcesoria.pl\\\/#website\"},\"primaryImageOfPage\":{\"@id\":\"https:\\\/\\\/spaakcesoria.pl\\\/index.php\\\/produkt\\\/koncentrat-zapach-do-sauny-mieta-pieprzowa-1l\\\/#primaryimage\"},\"image\":{\"@id\":\"https:\\\/\\\/spaakcesoria.pl\\\/index.php\\\/produkt\\\/koncentrat-zapach-do-sauny-mieta-pieprzowa-1l\\\/#primaryimage\"},\"thumbnailUrl\":\"https:\\\/\\\/spaakcesoria.pl\\\/wp-content\\\/uploads\\\/2020\\\/05\\\/55c49a2fd056df50d24df3a37913ba32.jpg\",\"datePublished\":\"2020-05-29T12:56:35+00:00\",\"dateModified\":\"2025-04-23T14:50:33+00:00\",\"description\":\"Zapach koncentrat do sauny, bardzo wydajny, do rozcie\u0144czenia. Zapachy cytrusowe, owocowe, kwiatowe, mi\u0119towe.\",\"breadcrumb\":{\"@id\":\"https:\\\/\\\/spaakcesoria.pl\\\/index.php\\\/produkt\\\/koncentrat-zapach-do-sauny-mieta-pieprzowa-1l\\\/#breadcrumb\"},\"inLanguage\":\"pl-PL\",\"potentialAction\":[{\"@type\":\"ReadAction\",\"target\":[\"https:\\\/\\\/spaakcesoria.pl\\\/index.php\\\/produkt\\\/koncentrat-zapach-do-sauny-mieta-pieprzowa-1l\\\/\"]}]},{\"@type\":\"ImageObject\",\"inLanguage\":\"pl-PL\",\"@id\":\"https:\\\/\\\/spaakcesoria.pl\\\/index.php\\\/produkt\\\/koncentrat-zapach-do-sauny-mieta-pieprzowa-1l\\\/#primaryimage\",\"url\":\"https:\\\/\\\/spaakcesoria.pl\\\/wp-content\\\/uploads\\\/2020\\\/05\\\/55c49a2fd056df50d24df3a37913ba32.jpg\",\"contentUrl\":\"https:\\\/\\\/spaakcesoria.pl\\\/wp-content\\\/uploads\\\/2020\\\/05\\\/55c49a2fd056df50d24df3a37913ba32.jpg\",\"width\":65,\"height\":100},{\"@type\":\"BreadcrumbList\",\"@id\":\"https:\\\/\\\/spaakcesoria.pl\\\/index.php\\\/produkt\\\/koncentrat-zapach-do-sauny-mieta-pieprzowa-1l\\\/#breadcrumb\",\"itemListElement\":[{\"@type\":\"ListItem\",\"position\":1,\"name\":\"Strona g\u0142\u00f3wna\",\"item\":\"https:\\\/\\\/spaakcesoria.pl\\\/\"},{\"@type\":\"ListItem\",\"position\":2,\"name\":\"Sklep\",\"item\":\"https:\\\/\\\/spaakcesoria.pl\\\/index.php\\\/sklep\\\/\"},{\"@type\":\"ListItem\",\"position\":3,\"name\":\"KONCENTRAT &#8211; ZAPACH DO SAUNY &#8211; MI\u0118TA PIEPRZOWA -1l, 3l, 10l\"}]},{\"@type\":\"WebSite\",\"@id\":\"https:\\\/\\\/spaakcesoria.pl\\\/#website\",\"url\":\"https:\\\/\\\/spaakcesoria.pl\\\/\",\"name\":\"\",\"description\":\"\",\"potentialAction\":[{\"@type\":\"SearchAction\",\"target\":{\"@type\":\"EntryPoint\",\"urlTemplate\":\"https:\\\/\\\/spaakcesoria.pl\\\/?s={search_term_string}\"},\"query-input\":{\"@type\":\"PropertyValueSpecification\",\"valueRequired\":true,\"valueName\":\"search_term_string\"}}],\"inLanguage\":\"pl-PL\"}]}<\/script>\n<!-- \/ Yoast SEO plugin. -->","yoast_head_json":{"title":"KONCENTRAT - ZAPACH DO SAUNY - MI\u0118TA PIEPRZOWA -1l, 3l, 10l -","description":"Zapach koncentrat do sauny, bardzo wydajny, do rozcie\u0144czenia. Zapachy cytrusowe, owocowe, kwiatowe, mi\u0119towe.","robots":{"index":"index","follow":"follow","max-snippet":"max-snippet:-1","max-image-preview":"max-image-preview:large","max-video-preview":"max-video-preview:-1"},"canonical":"https:\/\/spaakcesoria.pl\/index.php\/produkt\/koncentrat-zapach-do-sauny-mieta-pieprzowa-1l\/","og_locale":"pl_PL","og_type":"article","og_title":"KONCENTRAT - ZAPACH DO SAUNY - MI\u0118TA PIEPRZOWA -1l, 3l, 10l -","og_description":"Zapach koncentrat do sauny, bardzo wydajny, do rozcie\u0144czenia. Zapachy cytrusowe, owocowe, kwiatowe, mi\u0119towe.","og_url":"https:\/\/spaakcesoria.pl\/index.php\/produkt\/koncentrat-zapach-do-sauny-mieta-pieprzowa-1l\/","article_modified_time":"2025-04-23T14:50:33+00:00","og_image":[{"width":65,"height":100,"url":"https:\/\/spaakcesoria.pl\/wp-content\/uploads\/2020\/05\/55c49a2fd056df50d24df3a37913ba32.jpg","type":"image\/jpeg"}],"twitter_card":"summary_large_image","twitter_misc":{"Szacowany czas czytania":"2 minuty"},"schema":{"@context":"https:\/\/schema.org","@graph":[{"@type":"WebPage","@id":"https:\/\/spaakcesoria.pl\/index.php\/produkt\/koncentrat-zapach-do-sauny-mieta-pieprzowa-1l\/","url":"https:\/\/spaakcesoria.pl\/index.php\/produkt\/koncentrat-zapach-do-sauny-mieta-pieprzowa-1l\/","name":"KONCENTRAT - ZAPACH DO SAUNY - MI\u0118TA PIEPRZOWA -1l, 3l, 10l -","isPartOf":{"@id":"https:\/\/spaakcesoria.pl\/#website"},"primaryImageOfPage":{"@id":"https:\/\/spaakcesoria.pl\/index.php\/produkt\/koncentrat-zapach-do-sauny-mieta-pieprzowa-1l\/#primaryimage"},"image":{"@id":"https:\/\/spaakcesoria.pl\/index.php\/produkt\/koncentrat-zapach-do-sauny-mieta-pieprzowa-1l\/#primaryimage"},"thumbnailUrl":"https:\/\/spaakcesoria.pl\/wp-content\/uploads\/2020\/05\/55c49a2fd056df50d24df3a37913ba32.jpg","datePublished":"2020-05-29T12:56:35+00:00","dateModified":"2025-04-23T14:50:33+00:00","description":"Zapach koncentrat do sauny, bardzo wydajny, do rozcie\u0144czenia. Zapachy cytrusowe, owocowe, kwiatowe, mi\u0119towe.","breadcrumb":{"@id":"https:\/\/spaakcesoria.pl\/index.php\/produkt\/koncentrat-zapach-do-sauny-mieta-pieprzowa-1l\/#breadcrumb"},"inLanguage":"pl-PL","potentialAction":[{"@type":"ReadAction","target":["https:\/\/spaakcesoria.pl\/index.php\/produkt\/koncentrat-zapach-do-sauny-mieta-pieprzowa-1l\/"]}]},{"@type":"ImageObject","inLanguage":"pl-PL","@id":"https:\/\/spaakcesoria.pl\/index.php\/produkt\/koncentrat-zapach-do-sauny-mieta-pieprzowa-1l\/#primaryimage","url":"https:\/\/spaakcesoria.pl\/wp-content\/uploads\/2020\/05\/55c49a2fd056df50d24df3a37913ba32.jpg","contentUrl":"https:\/\/spaakcesoria.pl\/wp-content\/uploads\/2020\/05\/55c49a2fd056df50d24df3a37913ba32.jpg","width":65,"height":100},{"@type":"BreadcrumbList","@id":"https:\/\/spaakcesoria.pl\/index.php\/produkt\/koncentrat-zapach-do-sauny-mieta-pieprzowa-1l\/#breadcrumb","itemListElement":[{"@type":"ListItem","position":1,"name":"Strona g\u0142\u00f3wna","item":"https:\/\/spaakcesoria.pl\/"},{"@type":"ListItem","position":2,"name":"Sklep","item":"https:\/\/spaakcesoria.pl\/index.php\/sklep\/"},{"@type":"ListItem","position":3,"name":"KONCENTRAT &#8211; ZAPACH DO SAUNY &#8211; MI\u0118TA PIEPRZOWA -1l, 3l, 10l"}]},{"@type":"WebSite","@id":"https:\/\/spaakcesoria.pl\/#website","url":"https:\/\/spaakcesoria.pl\/","name":"","description":"","potentialAction":[{"@type":"SearchAction","target":{"@type":"EntryPoint","urlTemplate":"https:\/\/spaakcesoria.pl\/?s={search_term_string}"},"query-input":{"@type":"PropertyValueSpecification","valueRequired":true,"valueName":"search_term_string"}}],"inLanguage":"pl-PL"}]}},"_links":{"self":[{"href":"https:\/\/spaakcesoria.pl\/index.php\/wp-json\/wp\/v2\/product\/53","targetHints":{"allow":["GET"]}}],"collection":[{"href":"https:\/\/spaakcesoria.pl\/index.php\/wp-json\/wp\/v2\/product"}],"about":[{"href":"https:\/\/spaakcesoria.pl\/index.php\/wp-json\/wp\/v2\/types\/product"}],"version-history":[{"count":5,"href":"https:\/\/spaakcesoria.pl\/index.php\/wp-json\/wp\/v2\/product\/53\/revisions"}],"predecessor-version":[{"id":2930,"href":"https:\/\/spaakcesoria.pl\/index.php\/wp-json\/wp\/v2\/product\/53\/revisions\/2930"}],"wp:featuredmedia":[{"embeddable":true,"href":"https:\/\/spaakcesoria.pl\/index.php\/wp-json\/wp\/v2\/media\/54"}],"wp:attachment":[{"href":"https:\/\/spaakcesoria.pl\/index.php\/wp-json\/wp\/v2\/media?parent=53"}],"wp:term":[{"taxonomy":"product_brand","embeddable":true,"href":"https:\/\/spaakcesoria.pl\/index.php\/wp-json\/wp\/v2\/product_brand?post=53"},{"taxonomy":"product_cat","embeddable":true,"href":"https:\/\/spaakcesoria.pl\/index.php\/wp-json\/wp\/v2\/product_cat?post=53"},{"taxonomy":"product_tag","embeddable":true,"href":"https:\/\/spaakcesoria.pl\/index.php\/wp-json\/wp\/v2\/product_tag?post=53"}],"curies":[{"name":"wp","href":"https:\/\/api.w.org\/{rel}","templated":true}]}}