{"id":95,"date":"2020-05-29T14:56:37","date_gmt":"2020-05-29T12:56:37","guid":{"rendered":"http:\/\/sklep.prosteprzepisy.eu\/index.php\/produkt\/zapachy-do-lazni-parowych-zielona-limonka-1l\/"},"modified":"2025-04-23T17:05:04","modified_gmt":"2025-04-23T15:05:04","slug":"zapachy-do-lazni-parowych-zielona-limonka-1l","status":"publish","type":"product","link":"https:\/\/spaakcesoria.pl\/index.php\/produkt\/zapachy-do-lazni-parowych-zielona-limonka-1l\/","title":{"rendered":"ZAPACHY DO \u0141A\u0179NI PAROWYCH &#8211; ZIELONA LIMONKA -1l, 3l, 10l"},"content":{"rendered":"<p><strong><span style=\"color: #800000; font-size: medium;\">ZAPACHY<\/span><span style=\"color: #800000; font-size: medium;\"> DO \u0141A\u0179NI PAROWYCH &#8211; ZIELONA LIMONKA -1l, 3l, 10l<\/span><\/strong><\/p>\n<p><span style=\"color: #800000; font-size: medium;\"><span style=\"color: #ff0000;\">zapytaj o cen\u0119:\u00a0 \u00a0email: spaakcesoria@gmail.com\u00a0 \u00a0 \u00a0<\/span><\/span><\/p>\n<p>&nbsp;<\/p>\n<p><span style=\"color: #ff0000; font-size: medium;\">Pobudzaj\u0105cy &#8211; od\u015bwie\u017caj\u0105cy \u00a0 <\/span><\/p>\n<p><span style=\"color: #800000; font-size: medium;\">Stworzyli\u015bmy dla Pa\u0144stwa palet\u0119 \u00a0produkt\u00f3w z ponad 32 kompozycjami zapachowymi. Przez to Pa\u0144stwa sauna, \u0142a\u017ania parowa stanie si\u0119 miejscem szczeg\u00f3lnym dla go\u015bci. Odkryjcie fascynuj\u0105cy \u015bwiat o\u017cywiaj\u0105cych, odpr\u0119\u017caj\u0105cych, egzotycznych, harmonizuj\u0105cych, piel\u0119gnuj\u0105cych i tajemniczych aromat\u00f3w. <\/span><br \/>\n<span style=\"color: #800000; font-size: medium;\">Odno\u015bnie jako\u015bci produkt\u00f3w Lacoform: Wszystkie kompozycje zapachowe s\u0105 wykonane z czystych olejk\u00f3w eterycznych naturalnego pochodzenia z substancjami no\u015bnymi o jako\u015bci produkt\u00f3w spo\u017cywczych wzgl\u0119dnie kosmetycznych! <\/span><\/p>\n<p><span style=\"color: #ff0000;\"><strong><span style=\"font-size: medium;\">Stosowa\u0107 w stanie nierozcie\u0144czonym za pomoc\u0105 generator\u00f3w pary! Bardzo wydajne! <\/span><\/strong><\/span><\/p>\n","protected":false},"excerpt":{"rendered":"<p>ZAPACHY DO \u0141A\u0179NI PAROWYCH &#8211; ZIELONA LIMONKA -1l, 3l, 10l<\/p>\n","protected":false},"featured_media":96,"template":"","meta":{"_monsterinsights_skip_tracking":false,"_monsterinsights_sitenote_active":false,"_monsterinsights_sitenote_note":"","_monsterinsights_sitenote_category":0},"product_brand":[],"product_cat":[44],"product_tag":[146],"class_list":{"0":"post-95","1":"product","2":"type-product","3":"status-publish","4":"has-post-thumbnail","6":"product_cat-zapachy-do-lazni-parowej","7":"product_tag-zapach-do-lazni-parowej","9":"first","10":"onbackorder","11":"product-type-simple"},"yoast_head":"<!-- This site is optimized with the Yoast SEO plugin v27.4 - https:\/\/yoast.com\/product\/yoast-seo-wordpress\/ -->\n<title>ZAPACHY DO \u0141A\u0179NI PAROWYCH - ZIELONA LIMONKA -1l, 3l, 10l -<\/title>\n<meta name=\"description\" content=\"Zapach koncentrat do sauny, bardzo wydajny, do rozcie\u0144czenia. Zapachy cytrusowe, owocowe, kwiatowe, mi\u0119towe.\" \/>\n<meta name=\"robots\" content=\"index, follow, max-snippet:-1, max-image-preview:large, max-video-preview:-1\" \/>\n<link rel=\"canonical\" href=\"https:\/\/spaakcesoria.pl\/index.php\/produkt\/zapachy-do-lazni-parowych-zielona-limonka-1l\/\" \/>\n<meta property=\"og:locale\" content=\"pl_PL\" \/>\n<meta property=\"og:type\" content=\"article\" \/>\n<meta property=\"og:title\" content=\"ZAPACHY DO \u0141A\u0179NI PAROWYCH - ZIELONA LIMONKA -1l, 3l, 10l -\" \/>\n<meta property=\"og:description\" content=\"Zapach koncentrat do sauny, bardzo wydajny, do rozcie\u0144czenia. Zapachy cytrusowe, owocowe, kwiatowe, mi\u0119towe.\" \/>\n<meta property=\"og:url\" content=\"https:\/\/spaakcesoria.pl\/index.php\/produkt\/zapachy-do-lazni-parowych-zielona-limonka-1l\/\" \/>\n<meta property=\"article:modified_time\" content=\"2025-04-23T15:05:04+00:00\" \/>\n<meta property=\"og:image\" content=\"https:\/\/spaakcesoria.pl\/wp-content\/uploads\/2020\/05\/97883453ee25792b181dff78889bbdf1.jpg\" \/>\n\t<meta property=\"og:image:width\" content=\"65\" \/>\n\t<meta property=\"og:image:height\" content=\"100\" \/>\n\t<meta property=\"og:image:type\" content=\"image\/jpeg\" \/>\n<meta name=\"twitter:card\" content=\"summary_large_image\" \/>\n<meta name=\"twitter:label1\" content=\"Szacowany czas czytania\" \/>\n\t<meta name=\"twitter:data1\" content=\"1 minuta\" \/>\n<script type=\"application\/ld+json\" class=\"yoast-schema-graph\">{\"@context\":\"https:\\\/\\\/schema.org\",\"@graph\":[{\"@type\":\"WebPage\",\"@id\":\"https:\\\/\\\/spaakcesoria.pl\\\/index.php\\\/produkt\\\/zapachy-do-lazni-parowych-zielona-limonka-1l\\\/\",\"url\":\"https:\\\/\\\/spaakcesoria.pl\\\/index.php\\\/produkt\\\/zapachy-do-lazni-parowych-zielona-limonka-1l\\\/\",\"name\":\"ZAPACHY DO \u0141A\u0179NI PAROWYCH - ZIELONA LIMONKA -1l, 3l, 10l -\",\"isPartOf\":{\"@id\":\"https:\\\/\\\/spaakcesoria.pl\\\/#website\"},\"primaryImageOfPage\":{\"@id\":\"https:\\\/\\\/spaakcesoria.pl\\\/index.php\\\/produkt\\\/zapachy-do-lazni-parowych-zielona-limonka-1l\\\/#primaryimage\"},\"image\":{\"@id\":\"https:\\\/\\\/spaakcesoria.pl\\\/index.php\\\/produkt\\\/zapachy-do-lazni-parowych-zielona-limonka-1l\\\/#primaryimage\"},\"thumbnailUrl\":\"https:\\\/\\\/spaakcesoria.pl\\\/wp-content\\\/uploads\\\/2020\\\/05\\\/97883453ee25792b181dff78889bbdf1.jpg\",\"datePublished\":\"2020-05-29T12:56:37+00:00\",\"dateModified\":\"2025-04-23T15:05:04+00:00\",\"description\":\"Zapach koncentrat do sauny, bardzo wydajny, do rozcie\u0144czenia. Zapachy cytrusowe, owocowe, kwiatowe, mi\u0119towe.\",\"breadcrumb\":{\"@id\":\"https:\\\/\\\/spaakcesoria.pl\\\/index.php\\\/produkt\\\/zapachy-do-lazni-parowych-zielona-limonka-1l\\\/#breadcrumb\"},\"inLanguage\":\"pl-PL\",\"potentialAction\":[{\"@type\":\"ReadAction\",\"target\":[\"https:\\\/\\\/spaakcesoria.pl\\\/index.php\\\/produkt\\\/zapachy-do-lazni-parowych-zielona-limonka-1l\\\/\"]}]},{\"@type\":\"ImageObject\",\"inLanguage\":\"pl-PL\",\"@id\":\"https:\\\/\\\/spaakcesoria.pl\\\/index.php\\\/produkt\\\/zapachy-do-lazni-parowych-zielona-limonka-1l\\\/#primaryimage\",\"url\":\"https:\\\/\\\/spaakcesoria.pl\\\/wp-content\\\/uploads\\\/2020\\\/05\\\/97883453ee25792b181dff78889bbdf1.jpg\",\"contentUrl\":\"https:\\\/\\\/spaakcesoria.pl\\\/wp-content\\\/uploads\\\/2020\\\/05\\\/97883453ee25792b181dff78889bbdf1.jpg\",\"width\":65,\"height\":100},{\"@type\":\"BreadcrumbList\",\"@id\":\"https:\\\/\\\/spaakcesoria.pl\\\/index.php\\\/produkt\\\/zapachy-do-lazni-parowych-zielona-limonka-1l\\\/#breadcrumb\",\"itemListElement\":[{\"@type\":\"ListItem\",\"position\":1,\"name\":\"Strona g\u0142\u00f3wna\",\"item\":\"https:\\\/\\\/spaakcesoria.pl\\\/\"},{\"@type\":\"ListItem\",\"position\":2,\"name\":\"Sklep\",\"item\":\"https:\\\/\\\/spaakcesoria.pl\\\/index.php\\\/sklep\\\/\"},{\"@type\":\"ListItem\",\"position\":3,\"name\":\"ZAPACHY DO \u0141A\u0179NI PAROWYCH &#8211; ZIELONA LIMONKA -1l, 3l, 10l\"}]},{\"@type\":\"WebSite\",\"@id\":\"https:\\\/\\\/spaakcesoria.pl\\\/#website\",\"url\":\"https:\\\/\\\/spaakcesoria.pl\\\/\",\"name\":\"\",\"description\":\"\",\"potentialAction\":[{\"@type\":\"SearchAction\",\"target\":{\"@type\":\"EntryPoint\",\"urlTemplate\":\"https:\\\/\\\/spaakcesoria.pl\\\/?s={search_term_string}\"},\"query-input\":{\"@type\":\"PropertyValueSpecification\",\"valueRequired\":true,\"valueName\":\"search_term_string\"}}],\"inLanguage\":\"pl-PL\"}]}<\/script>\n<!-- \/ Yoast SEO plugin. -->","yoast_head_json":{"title":"ZAPACHY DO \u0141A\u0179NI PAROWYCH - ZIELONA LIMONKA -1l, 3l, 10l -","description":"Zapach koncentrat do sauny, bardzo wydajny, do rozcie\u0144czenia. Zapachy cytrusowe, owocowe, kwiatowe, mi\u0119towe.","robots":{"index":"index","follow":"follow","max-snippet":"max-snippet:-1","max-image-preview":"max-image-preview:large","max-video-preview":"max-video-preview:-1"},"canonical":"https:\/\/spaakcesoria.pl\/index.php\/produkt\/zapachy-do-lazni-parowych-zielona-limonka-1l\/","og_locale":"pl_PL","og_type":"article","og_title":"ZAPACHY DO \u0141A\u0179NI PAROWYCH - ZIELONA LIMONKA -1l, 3l, 10l -","og_description":"Zapach koncentrat do sauny, bardzo wydajny, do rozcie\u0144czenia. Zapachy cytrusowe, owocowe, kwiatowe, mi\u0119towe.","og_url":"https:\/\/spaakcesoria.pl\/index.php\/produkt\/zapachy-do-lazni-parowych-zielona-limonka-1l\/","article_modified_time":"2025-04-23T15:05:04+00:00","og_image":[{"width":65,"height":100,"url":"https:\/\/spaakcesoria.pl\/wp-content\/uploads\/2020\/05\/97883453ee25792b181dff78889bbdf1.jpg","type":"image\/jpeg"}],"twitter_card":"summary_large_image","twitter_misc":{"Szacowany czas czytania":"1 minuta"},"schema":{"@context":"https:\/\/schema.org","@graph":[{"@type":"WebPage","@id":"https:\/\/spaakcesoria.pl\/index.php\/produkt\/zapachy-do-lazni-parowych-zielona-limonka-1l\/","url":"https:\/\/spaakcesoria.pl\/index.php\/produkt\/zapachy-do-lazni-parowych-zielona-limonka-1l\/","name":"ZAPACHY DO \u0141A\u0179NI PAROWYCH - ZIELONA LIMONKA -1l, 3l, 10l -","isPartOf":{"@id":"https:\/\/spaakcesoria.pl\/#website"},"primaryImageOfPage":{"@id":"https:\/\/spaakcesoria.pl\/index.php\/produkt\/zapachy-do-lazni-parowych-zielona-limonka-1l\/#primaryimage"},"image":{"@id":"https:\/\/spaakcesoria.pl\/index.php\/produkt\/zapachy-do-lazni-parowych-zielona-limonka-1l\/#primaryimage"},"thumbnailUrl":"https:\/\/spaakcesoria.pl\/wp-content\/uploads\/2020\/05\/97883453ee25792b181dff78889bbdf1.jpg","datePublished":"2020-05-29T12:56:37+00:00","dateModified":"2025-04-23T15:05:04+00:00","description":"Zapach koncentrat do sauny, bardzo wydajny, do rozcie\u0144czenia. Zapachy cytrusowe, owocowe, kwiatowe, mi\u0119towe.","breadcrumb":{"@id":"https:\/\/spaakcesoria.pl\/index.php\/produkt\/zapachy-do-lazni-parowych-zielona-limonka-1l\/#breadcrumb"},"inLanguage":"pl-PL","potentialAction":[{"@type":"ReadAction","target":["https:\/\/spaakcesoria.pl\/index.php\/produkt\/zapachy-do-lazni-parowych-zielona-limonka-1l\/"]}]},{"@type":"ImageObject","inLanguage":"pl-PL","@id":"https:\/\/spaakcesoria.pl\/index.php\/produkt\/zapachy-do-lazni-parowych-zielona-limonka-1l\/#primaryimage","url":"https:\/\/spaakcesoria.pl\/wp-content\/uploads\/2020\/05\/97883453ee25792b181dff78889bbdf1.jpg","contentUrl":"https:\/\/spaakcesoria.pl\/wp-content\/uploads\/2020\/05\/97883453ee25792b181dff78889bbdf1.jpg","width":65,"height":100},{"@type":"BreadcrumbList","@id":"https:\/\/spaakcesoria.pl\/index.php\/produkt\/zapachy-do-lazni-parowych-zielona-limonka-1l\/#breadcrumb","itemListElement":[{"@type":"ListItem","position":1,"name":"Strona g\u0142\u00f3wna","item":"https:\/\/spaakcesoria.pl\/"},{"@type":"ListItem","position":2,"name":"Sklep","item":"https:\/\/spaakcesoria.pl\/index.php\/sklep\/"},{"@type":"ListItem","position":3,"name":"ZAPACHY DO \u0141A\u0179NI PAROWYCH &#8211; ZIELONA LIMONKA -1l, 3l, 10l"}]},{"@type":"WebSite","@id":"https:\/\/spaakcesoria.pl\/#website","url":"https:\/\/spaakcesoria.pl\/","name":"","description":"","potentialAction":[{"@type":"SearchAction","target":{"@type":"EntryPoint","urlTemplate":"https:\/\/spaakcesoria.pl\/?s={search_term_string}"},"query-input":{"@type":"PropertyValueSpecification","valueRequired":true,"valueName":"search_term_string"}}],"inLanguage":"pl-PL"}]}},"_links":{"self":[{"href":"https:\/\/spaakcesoria.pl\/index.php\/wp-json\/wp\/v2\/product\/95","targetHints":{"allow":["GET"]}}],"collection":[{"href":"https:\/\/spaakcesoria.pl\/index.php\/wp-json\/wp\/v2\/product"}],"about":[{"href":"https:\/\/spaakcesoria.pl\/index.php\/wp-json\/wp\/v2\/types\/product"}],"version-history":[{"count":5,"href":"https:\/\/spaakcesoria.pl\/index.php\/wp-json\/wp\/v2\/product\/95\/revisions"}],"predecessor-version":[{"id":2952,"href":"https:\/\/spaakcesoria.pl\/index.php\/wp-json\/wp\/v2\/product\/95\/revisions\/2952"}],"wp:featuredmedia":[{"embeddable":true,"href":"https:\/\/spaakcesoria.pl\/index.php\/wp-json\/wp\/v2\/media\/96"}],"wp:attachment":[{"href":"https:\/\/spaakcesoria.pl\/index.php\/wp-json\/wp\/v2\/media?parent=95"}],"wp:term":[{"taxonomy":"product_brand","embeddable":true,"href":"https:\/\/spaakcesoria.pl\/index.php\/wp-json\/wp\/v2\/product_brand?post=95"},{"taxonomy":"product_cat","embeddable":true,"href":"https:\/\/spaakcesoria.pl\/index.php\/wp-json\/wp\/v2\/product_cat?post=95"},{"taxonomy":"product_tag","embeddable":true,"href":"https:\/\/spaakcesoria.pl\/index.php\/wp-json\/wp\/v2\/product_tag?post=95"}],"curies":[{"name":"wp","href":"https:\/\/api.w.org\/{rel}","templated":true}]}}